000
CDHW40 PHFO 260306
CLIHNL


CLIMATE REPORT
NATIONAL WEATHER SERVICE HONOLULU HI
506 PM HST FRI MAY 25 2018


...................................

...THE HONOLULU HI CLIMATE SUMMARY FOR MAY 25 2018...
VALID TODAY AS OF 0500 PM LOCAL TIME.

CLIMATE NORMAL PERIOD 1981 TO 2010
CLIMATE RECORD PERIOD 1946 TO 2018


WEATHER ITEM   OBSERVED TIME   RECORD YEAR NORMAL DEPARTURE LAST
                VALUE   (LST)  VALUE       VALUE  FROM      YEAR
                                                  NORMAL
..................................................................
TEMPERATURE (F)
 TODAY
  MAXIMUM         85   1136 AM  89    2005  85      0       86
                                      1996
                                      1992
  MINIMUM         75    622 AM  66    1974  72      3       69
                                      1959
  AVERAGE         80                        79      1       78

PRECIPITATION (IN)
  TODAY            T             1.94 2014   0.02  -0.02     0.11
  MONTH TO DATE    0.21                      0.53  -0.32     0.33
  SINCE MAR 1      3.97                      3.18   0.79     6.13
  SINCE JAN 1      8.15                      7.48   0.67    13.46

SNOWFALL (IN)
  TODAY            0.0
  MONTH TO DATE    0.0
  SINCE MAR 1      0.0
  SINCE JUL 1      0.0
  SNOW DEPTH      MM

DEGREE DAYS
 HEATING
  TODAY            0                         0      0        0
  MONTH TO DATE    0                         0      0        0
  SINCE MAR 1      0                         0      0        0
  SINCE JUL 1      0                         0      0        0

 COOLING
  TODAY           15                        14      1       13
  MONTH TO DATE  339                       312     27      351
  SINCE MAR 1   1023                       937     86     1101
  SINCE JAN 1   1693                      1419    274     1628
..................................................................


WIND (MPH)
  HIGHEST WIND SPEED    23   HIGHEST WIND DIRECTION     E (70)
  HIGHEST GUST SPEED    28   HIGHEST GUST DIRECTION     E (70)
  AVERAGE WIND SPEED    MM


SKY COVER
  POSSIBLE SUNSHINE  MM
  AVERAGE SKY COVER  MM


WEATHER CONDITIONS
 THE FOLLOWING WEATHER WAS RECORDED TODAY.
  NO SIGNIFICANT WEATHER WAS OBSERVED.


RELATIVE HUMIDITY (PERCENT)
 HIGHEST    MM
 LOWEST     MM
 AVERAGE    MM

..........................................................


THE HONOLULU HI CLIMATE NORMALS FOR TOMORROW
                         NORMAL    RECORD    YEAR
 MAXIMUM TEMPERATURE (F)   86        90      1992
 MINIMUM TEMPERATURE (F)   72        65      1972


SUNRISE AND SUNSET
MAY 25 2018...........SUNRISE   550 AM HST   SUNSET   707 PM HST
MAY 26 2018...........SUNRISE   550 AM HST   SUNSET   708 PM HST


-  INDICATES NEGATIVE NUMBERS.
R  INDICATES RECORD WAS SET OR TIED.
MM INDICATES DATA IS MISSING.
T  INDICATES TRACE AMOUNT.




$$
