000
CDUS46 KSEW 250836
CLIHQM


CLIMATE REPORT
NATIONAL WEATHER SERVICE SEATTLE WA
136 AM PDT WED APR 25 2018


...................................

...THE HOQUIAM WA AIRPORT CLIMATE SUMMARY FOR APRIL 24 2018...

CLIMATE NORMAL PERIOD 1981 TO 2010
CLIMATE RECORD PERIOD 1953 TO 2018


WEATHER ITEM   OBSERVED TIME   RECORD YEAR NORMAL DEPARTURE LAST
                VALUE   (LST)  VALUE       VALUE  FROM      YEAR
                                                  NORMAL
..................................................................
TEMPERATURE (F)
 YESTERDAY
  MAXIMUM         81R   401 PM  72    1992  57     24       55
  MINIMUM         48    601 AM  32    2002  43      5       45
                                      2000
                                      1954
  AVERAGE         65                        50     15       50

PRECIPITATION (IN)
  YESTERDAY        0.00          0.61 1974   0.15  -0.15     0.17
  MONTH TO DATE    9.71                      4.26   5.45     7.16
  SINCE OCT 1     63.96                     56.45   7.51    77.43
  SINCE JAN 1     32.37                     28.79   3.58    35.89

DEGREE DAYS
 HEATING
  YESTERDAY        0                        15    -15       15
  MONTH TO DATE  367                       399    -32      373
  SINCE MAR 1    973                       988    -15      976

 COOLING
  YESTERDAY        0                         0      0        0
  MONTH TO DATE    0                         0      0        0
  SINCE MAR 1      0                         0      0        0
  SINCE JAN 1      0                         0      0        0
..................................................................


WIND (MPH)
  RESULTANT WIND SPEED   7   RESULTANT WIND DIRECTION  NE (60)
  HIGHEST WIND SPEED    21   HIGHEST WIND DIRECTION    NE (40)
  HIGHEST GUST SPEED    26   HIGHEST GUST DIRECTION    NE (50)
  AVERAGE WIND SPEED     8.5


SKY COVER
  AVERAGE SKY COVER 0.0


WEATHER CONDITIONS
 THE FOLLOWING WEATHER WAS RECORDED YESTERDAY.
  NO SIGNIFICANT WEATHER WAS OBSERVED.


RELATIVE HUMIDITY (PERCENT)
 HIGHEST    67          1000 PM
 LOWEST     16           400 PM
 AVERAGE    42

..........................................................


THE HOQUIAM WA AIRPORT CLIMATE NORMALS FOR TODAY
                         NORMAL    RECORD    YEAR
 MAXIMUM TEMPERATURE (F)   57        72      2004
                                             1992
 MINIMUM TEMPERATURE (F)   43        28      1955


SUNRISE AND SUNSET
APRIL 25 2018.........SUNRISE   610 AM PDT   SUNSET   818 PM PDT
APRIL 26 2018.........SUNRISE   608 AM PDT   SUNSET   820 PM PDT


-  INDICATES NEGATIVE NUMBERS.
R  INDICATES RECORD WAS SET OR TIED.
MM INDICATES DATA IS MISSING.
T  INDICATES TRACE AMOUNT.




$$
