000
CDUS41 KRLX 240718
CLIHTS


CLIMATE REPORT
NATIONAL WEATHER SERVICE CHARLESTON WV
318 AM EDT TUE APR 24 2018


...................................

...THE HUNTINGTON WV CLIMATE SUMMARY FOR APRIL 23 2018...

CLIMATE NORMAL PERIOD 1981 TO 2010
CLIMATE RECORD PERIOD 1897 TO 2018


WEATHER ITEM   OBSERVED TIME   RECORD YEAR NORMAL DEPARTURE LAST
                VALUE   (LST)  VALUE       VALUE  FROM      YEAR
                                                  NORMAL
..................................................................
TEMPERATURE (F)
 YESTERDAY
  MAXIMUM         62   1001 AM  91    1960  70     -8       57
  MINIMUM         51   1152 PM  26    1986  47      4       43
  AVERAGE         57                        58     -1       50

PRECIPITATION (IN)
  YESTERDAY        0.14          1.43 2011   0.12   0.02     0.03
  MONTH TO DATE    2.65                      2.58   0.07     1.72
  SINCE JAN 1     17.04                     12.52   4.52    12.60

SNOWFALL (IN)
  YESTERDAY        0.0           T    1934   0.0    0.0      0.0
  MONTH TO DATE    1.2                       0.9    0.3      0.0
  SINCE SEP 1     12.5                      23.6  -11.1      5.9
  SNOW DEPTH       0

DEGREE DAYS
 HEATING
  YESTERDAY        8                         8      0       15
  MONTH TO DATE  343                       245     98      131
  SINCE MAR 1   1041                       841    200      683
  SINCE JUL 1   4291                      4342    -51     3332

 COOLING
  YESTERDAY        0                         1     -1        0
  MONTH TO DATE   21                        22     -1       38
  SINCE MAR 1     21                        27     -6       40
  SINCE JAN 1     28                        27      1       41
..................................................................


WIND (MPH)
  HIGHEST WIND SPEED    14   HIGHEST WIND DIRECTION    SE (130)
  HIGHEST GUST SPEED    20   HIGHEST GUST DIRECTION    SE (140)
  AVERAGE WIND SPEED     7.2


SKY COVER
  POSSIBLE SUNSHINE  MM
  AVERAGE SKY COVER 0.3


WEATHER CONDITIONS
 THE FOLLOWING WEATHER WAS RECORDED YESTERDAY.
  LIGHT RAIN


RELATIVE HUMIDITY (PERCENT)
 HIGHEST    83           100 PM
 LOWEST     28          1200 AM
 AVERAGE    56

..........................................................


THE HUNTINGTON WV CLIMATE NORMALS FOR TODAY
                         NORMAL    RECORD    YEAR
 MAXIMUM TEMPERATURE (F)   71        91      1921
 MINIMUM TEMPERATURE (F)   47        29      1986


SUNRISE AND SUNSET
APRIL 24 2018.........SUNRISE   642 AM EDT   SUNSET   815 PM EDT
APRIL 25 2018.........SUNRISE   641 AM EDT   SUNSET   816 PM EDT


-  INDICATES NEGATIVE NUMBERS.
R  INDICATES RECORD WAS SET OR TIED.
MM INDICATES DATA IS MISSING.
T  INDICATES TRACE AMOUNT.




$$
