000
CDUS43 KIND 200536
CLIHUF


CLIMATE REPORT
NATIONAL WEATHER SERVICE INDIANAPOLIS IN
136 AM EDT FRI APR 20 2018


...................................

...THE TERRE HAUTE IN CLIMATE SUMMARY FOR APRIL 19 2018...

CLIMATE NORMAL PERIOD 1981 TO 2010
CLIMATE RECORD PERIOD 9999 TO 9999


WEATHER ITEM   OBSERVED TIME   NORMAL DEPARTURE LAST
                VALUE   (LST)  VALUE  FROM      YEAR
                                      NORMAL
......................................................
TEMPERATURE (F)
 YESTERDAY
  MAXIMUM         56    548 PM  65     -9       81
  MINIMUM         35    707 AM  43     -8       58
  AVERAGE         46            54     -8       70

PRECIPITATION (IN)
  YESTERDAY        T             0.13  -0.13     0.00
  MONTH TO DATE    4.07          2.07   2.00     2.62
  SINCE MAR 1      9.04          5.44   3.60     6.19
  SINCE JAN 1     14.89          9.73   5.16    10.53

DEGREE DAYS
 HEATING
  YESTERDAY       19            11      8        0
  MONTH TO DATE  393           263    130      141
  SINCE MAR 1   1168           954    214      712
  SINCE JUL 1   5178          5117     61     4047

 COOLING
  YESTERDAY        0             1     -1        5
  MONTH TO DATE    4             5     -1       15
  SINCE MAR 1      4             6     -2       17
  SINCE JAN 1      4             6     -2       17
......................................................


WIND (MPH)
  HIGHEST WIND SPEED    21   HIGHEST WIND DIRECTION    NW (310)
  HIGHEST GUST SPEED    29   HIGHEST GUST DIRECTION    NW (320)
  AVERAGE WIND SPEED    11.1


SKY COVER
  AVERAGE SKY COVER 0.5


WEATHER CONDITIONS
 THE FOLLOWING WEATHER WAS RECORDED YESTERDAY.
  LIGHT SNOW


RELATIVE HUMIDITY (PERCENT)
 HIGHEST    92           800 AM
 LOWEST     35           600 PM
 AVERAGE    64

..........................................................


THE TERRE HAUTE IN CLIMATE NORMALS FOR TODAY
                         NORMAL
 MAXIMUM TEMPERATURE (F)   66
 MINIMUM TEMPERATURE (F)   44


SUNRISE AND SUNSET
APRIL 20 2018.........SUNRISE   705 AM EDT   SUNSET   832 PM EDT
APRIL 21 2018.........SUNRISE   703 AM EDT   SUNSET   833 PM EDT


-  INDICATES NEGATIVE NUMBERS.
R  INDICATES RECORD WAS SET OR TIED.
MM INDICATES DATA IS MISSING.
T  INDICATES TRACE AMOUNT.




$$
