000
CDUS45 KPIH 200733
CLIIDA


CLIMATE REPORT
NATIONAL WEATHER SERVICE POCATELLO ID
133 AM MDT FRI APR 20 2018


...................................

...THE IDAHO FALLS ID CLIMATE SUMMARY FOR APRIL 19 2018...

CLIMATE NORMAL PERIOD 1981 TO 2010
CLIMATE RECORD PERIOD 1948 TO 2018


WEATHER ITEM   OBSERVED TIME   RECORD YEAR NORMAL DEPARTURE LAST
                VALUE   (LST)  VALUE       VALUE  FROM      YEAR
                                                  NORMAL
..................................................................
TEMPERATURE (F)
 YESTERDAY
  MAXIMUM         63    515 PM  84    1962  59      4       57
  MINIMUM         34    518 AM  15    1982  32      2       35
  AVERAGE         49                        46      3       46

PRECIPITATION (IN)
  YESTERDAY        0.00          0.59 1984   0.03  -0.03      T
  MONTH TO DATE    1.12                      0.64   0.48      T
  SINCE OCT 1      4.93                      5.42  -0.49     6.76
  SINCE JAN 1      3.00                      2.85   0.15     2.48

SNOWFALL (IN)
  YESTERDAY       MM
  MONTH TO DATE   MM
  SINCE MAR 1     MM
  SINCE JUL 1     MM
  SNOW DEPTH      MM

DEGREE DAYS
 HEATING
  YESTERDAY       16                        20     -4       19
  MONTH TO DATE  391                       413    -22      400
  SINCE MAR 1   1313                      1315     -2     1134
  SINCE JUL 1   6601                      7117   -516     6931

 COOLING
  YESTERDAY        0                         0      0        0
  MONTH TO DATE    0                         0      0        0
  SINCE MAR 1      0                         0      0        0
  SINCE JAN 1      0                         0      0        0
..................................................................


WIND (MPH)
  HIGHEST WIND SPEED    23   HIGHEST WIND DIRECTION     N (360)
  HIGHEST GUST SPEED    29   HIGHEST GUST DIRECTION     N (10)
  AVERAGE WIND SPEED    12.7


SKY COVER
  POSSIBLE SUNSHINE  MM
  AVERAGE SKY COVER 0.5


WEATHER CONDITIONS
 THE FOLLOWING WEATHER WAS RECORDED YESTERDAY.
  HAZE


RELATIVE HUMIDITY (PERCENT)
 HIGHEST    75          1200 AM
 LOWEST     19           200 PM
 AVERAGE    47

..........................................................


THE IDAHO FALLS ID CLIMATE NORMALS FOR TODAY
                         NORMAL    RECORD    YEAR
 MAXIMUM TEMPERATURE (F)   59        80      1989
 MINIMUM TEMPERATURE (F)   32        15      1982


SUNRISE AND SUNSET
APRIL 20 2018.........SUNRISE   637 AM MDT   SUNSET   818 PM MDT
APRIL 21 2018.........SUNRISE   636 AM MDT   SUNSET   819 PM MDT


-  INDICATES NEGATIVE NUMBERS.
R  INDICATES RECORD WAS SET OR TIED.
MM INDICATES DATA IS MISSING.
T  INDICATES TRACE AMOUNT.




$$
