000
CDUS41 KPHI 262129
CLIILG


CLIMATE REPORT
NATIONAL WEATHER SERVICE MOUNT HOLLY NJ
527 PM EDT SAT MAY 26 2018


...................................

...THE WILMINGTON DE CLIMATE SUMMARY FOR MAY 26 2018...
VALID TODAY AS OF 0500 PM LOCAL TIME.

CLIMATE NORMAL PERIOD 1981 TO 2010
CLIMATE RECORD PERIOD 1894 TO 2018


WEATHER ITEM   OBSERVED TIME   RECORD YEAR NORMAL DEPARTURE LAST
                VALUE   (LST)  VALUE       VALUE  FROM      YEAR
                                                  NORMAL
..................................................................
TEMPERATURE (F)
 TODAY
  MAXIMUM         90    359 PM  92    2010  76     14       77
  MINIMUM         68    458 AM  40    1925  56     12       58
  AVERAGE         79                        66     13       68

PRECIPITATION (IN)
  TODAY            0.00          2.34 2001   0.13  -0.13      T
  MONTH TO DATE    5.38                      3.28   2.10     5.70
  SINCE MAR 1     12.62                     10.70   1.92    13.00
  SINCE JAN 1     21.06                     16.39   4.67    17.02

SNOWFALL (IN)
  TODAY            0.0           0.0  1894   0.0    0.0      0.0
  MONTH TO DATE    0.0                       0.0    0.0      0.0
  SINCE MAR 1     14.2                       2.2   12.0      3.4
  SINCE JUL 1     28.0                      20.2    7.8      9.0
  SNOW DEPTH       0

DEGREE DAYS
 HEATING
  TODAY            0                         3     -3        0
  MONTH TO DATE   34                       124    -90      139
  SINCE MAR 1   1262                      1170     92     1066
  SINCE JUL 1   4622                      4793   -171     4068

 COOLING
  TODAY           14                         3     11        3
  MONTH TO DATE   93                        47     46       53
  SINCE MAR 1    101                        59     42       83
  SINCE JAN 1    101                        59     42       83
..................................................................


WIND (MPH)
  HIGHEST WIND SPEED    14   HIGHEST WIND DIRECTION    SW (230)
  HIGHEST GUST SPEED    17   HIGHEST GUST DIRECTION    SW (230)
  AVERAGE WIND SPEED     5.9


SKY COVER
  POSSIBLE SUNSHINE  MM
  AVERAGE SKY COVER 0.2


WEATHER CONDITIONS
 THE FOLLOWING WEATHER WAS RECORDED TODAY.
  NO SIGNIFICANT WEATHER WAS OBSERVED.


RELATIVE HUMIDITY (PERCENT)
 HIGHEST    90           500 AM
 LOWEST     55           400 PM
 AVERAGE    73

..........................................................


THE WILMINGTON DE CLIMATE NORMALS FOR TOMORROW
                         NORMAL    RECORD    YEAR
 MAXIMUM TEMPERATURE (F)   76        98      1914
 MINIMUM TEMPERATURE (F)   56        39      1925


SUNRISE AND SUNSET
MAY 26 2018...........SUNRISE   540 AM EDT   SUNSET   820 PM EDT
MAY 27 2018...........SUNRISE   539 AM EDT   SUNSET   820 PM EDT


-  INDICATES NEGATIVE NUMBERS.
R  INDICATES RECORD WAS SET OR TIED.
MM INDICATES DATA IS MISSING.
T  INDICATES TRACE AMOUNT.




$$
