962
CDUS42 KILM 230840
CLIILM


CLIMATE REPORT
NATIONAL WEATHER SERVICE WILMINGTON NC
440 AM EDT MON APR 23 2018


...................................

...THE WILMINGTON NORTH CAROLINA CLIMATE SUMMARY FOR APRIL 22 2018...

CLIMATE NORMAL PERIOD 1981 TO 2010
CLIMATE RECORD PERIOD 1871 TO 2018


WEATHER ITEM   OBSERVED TIME   RECORD YEAR NORMAL DEPARTURE LAST
                VALUE   (LST)  VALUE       VALUE  FROM      YEAR
                                                  NORMAL
..................................................................
TEMPERATURE (F)
 YESTERDAY
  MAXIMUM         69   1253 PM  93    2002  76     -7       85
  MINIMUM         45    409 AM  38    1983  53     -8       68
  AVERAGE         57                        64     -7       77

PRECIPITATION (IN)
  YESTERDAY        0.00          1.47 1992   0.10  -0.10     0.00
                                      1907
  MONTH TO DATE    2.64                      2.06   0.58     2.83
  SINCE MAR 1      5.89                      6.27  -0.38     5.54
  SINCE JAN 1     14.54                     13.65   0.89    11.09

SNOWFALL (IN)
  YESTERDAY        0.0          MM      MM   0.0    0.0      0.0
  MONTH TO DATE    0.0                       0.0    0.0      0.0
  SINCE MAR 1      0.0                       0.2   -0.2      1.1
  SINCE JUL 1      3.8                       1.7    2.1      1.1
  SNOW DEPTH       0

DEGREE DAYS
 HEATING
  YESTERDAY        8                         3      5        0
  MONTH TO DATE  152                       110     42       44
  SINCE MAR 1    579                       433    146      417
  SINCE JUL 1   2381                      2362     19     1932

 COOLING
  YESTERDAY        0                         3     -3       12
  MONTH TO DATE   26                        41    -15       81
  SINCE MAR 1     34                        57    -23      105
  SINCE JAN 1     72                        62     10      111
..................................................................


WIND (MPH)
  RESULTANT WIND SPEED   7   RESULTANT WIND DIRECTION   E (90)
  HIGHEST WIND SPEED    16   HIGHEST WIND DIRECTION     E (80)
  HIGHEST GUST SPEED    22   HIGHEST GUST DIRECTION    SE (120)
  AVERAGE WIND SPEED     8.0


SKY COVER
  POSSIBLE SUNSHINE  MM
  AVERAGE SKY COVER 0.1


WEATHER CONDITIONS
 THE FOLLOWING WEATHER WAS RECORDED YESTERDAY.
  NO SIGNIFICANT WEATHER WAS OBSERVED.


RELATIVE HUMIDITY (PERCENT)
 HIGHEST    93           400 AM
 LOWEST     40           300 PM
 AVERAGE    67

..........................................................


THE WILMINGTON NORTH CAROLINA CLIMATE NORMALS FOR TODAY
                         NORMAL    RECORD    YEAR
 MAXIMUM TEMPERATURE (F)   76        93      1980
 MINIMUM TEMPERATURE (F)   54        37      1986


SUNRISE AND SUNSET
APRIL 23 2018.........SUNRISE   631 AM EDT   SUNSET   750 PM EDT
APRIL 24 2018.........SUNRISE   630 AM EDT   SUNSET   750 PM EDT


-  INDICATES NEGATIVE NUMBERS.
R  INDICATES RECORD WAS SET OR TIED.
MM INDICATES DATA IS MISSING.
T  INDICATES TRACE AMOUNT.




$$
