000
CDUS43 KILX 192130
CLIILX


CLIMATE REPORT
NATIONAL WEATHER SERVICE LINCOLN IL
430 PM CDT THU APR 19 2018


...................................

...THE LINCOLN IL CLIMATE SUMMARY FOR APRIL 19 2018...
VALID TODAY AS OF 0400 PM LOCAL TIME.

CLIMATE NORMAL PERIOD 1981 TO 2010
CLIMATE RECORD PERIOD 1905 TO 2018


WEATHER ITEM   OBSERVED TIME   RECORD YEAR NORMAL DEPARTURE LAST
                VALUE   (LST)  VALUE       VALUE  FROM      YEAR
                                                  NORMAL
..................................................................
TEMPERATURE (F)
 TODAY
  MAXIMUM         56        MM  86    2002  65     -9       82
  MINIMUM         33        MM  22    1926  42     -9       58
  AVERAGE         45                        54     -9       70

PRECIPITATION (IN)
  TODAY            T             2.77 1970   0.13  -0.13     0.00
  MONTH TO DATE    2.37                      2.17   0.20     2.70
  SINCE MAR 1      6.64                      4.77   1.87     6.69
  SINCE JAN 1     12.16                      8.52   3.64     9.34

SNOWFALL (IN)
  TODAY            T   R         T    2013   0.0    0.0      0.0
                                      1907
  MONTH TO DATE    7.1                       0.3    6.8      0.0
  SINCE MAR 1      7.4                       2.0    5.4      3.7
  SINCE JUL 1     17.3                      20.5   -3.2     10.9
  SNOW DEPTH       0

DEGREE DAYS
 HEATING
  TODAY           20                        12      8        0
  MONTH TO DATE  485                       285    200      159
  SINCE MAR 1   1312                      1026    286      856
  SINCE JUL 1   5712                      5449    263     4464

 COOLING
  TODAY            0                         1     -1        5
  MONTH TO DATE    4                         2      2       14
  SINCE MAR 1      4                         4      0       14
  SINCE JAN 1      4                         4      0       14
..................................................................







THE LINCOLN IL CLIMATE NORMALS FOR TOMORROW
                         NORMAL    RECORD    YEAR
 MAXIMUM TEMPERATURE (F)   66        89      1936
 MINIMUM TEMPERATURE (F)   43        22      1983


SUNRISE AND SUNSET
APRIL 19 2018.........SUNRISE   613 AM CDT   SUNSET   740 PM CDT
APRIL 20 2018.........SUNRISE   612 AM CDT   SUNSET   741 PM CDT


-  INDICATES NEGATIVE NUMBERS.
R  INDICATES RECORD WAS SET OR TIED.
MM INDICATES DATA IS MISSING.
T  INDICATES TRACE AMOUNT.




$$
