000
CDUS43 KIND 210535
CLIIND


CLIMATE REPORT
NATIONAL WEATHER SERVICE INDIANAPOLIS IN
134 AM EDT SAT APR 21 2018


...................................

...THE INDIANAPOLIS IN CLIMATE SUMMARY FOR APRIL 20 2018...

CLIMATE NORMAL PERIOD 1981 TO 2010
CLIMATE RECORD PERIOD 1871 TO 2018


WEATHER ITEM   OBSERVED TIME   RECORD YEAR NORMAL DEPARTURE LAST
                VALUE   (LST)  VALUE       VALUE  FROM      YEAR
                                                  NORMAL
..................................................................
TEMPERATURE (F)
 YESTERDAY
  MAXIMUM         60    530 PM  85    1915  65     -5       79
  MINIMUM         31    551 AM  23    1897  44    -13       58
  AVERAGE         46                        55     -9       69

PRECIPITATION (IN)
  YESTERDAY        0.00          2.66 1920   0.12  -0.12     0.28
  MONTH TO DATE    5.02                      2.47   2.55     1.47
  SINCE MAR 1      9.09                      6.03   3.06     6.19
  SINCE JAN 1     15.74                     11.01   4.73    11.64

SNOWFALL (IN)
  YESTERDAY        0.0           T    2000   0.0    0.0      0.0
                                      1953
  MONTH TO DATE    2.6                       0.2    2.4      0.0
  SINCE MAR 1     14.2                       2.8   11.4      1.0
  SINCE JUL 1     23.2                      25.9   -2.7      9.7
  SNOW DEPTH       0

DEGREE DAYS
 HEATING
  YESTERDAY       19                        11      8        0
  MONTH TO DATE  414                       278    136      133
  SINCE MAR 1   1215                       985    230      784
  SINCE JUL 1   5182                      5128     54     4068

 COOLING
  YESTERDAY        0                         1     -1        4
  MONTH TO DATE    6                         3      3       22
  SINCE MAR 1      6                         5      1       24
  SINCE JAN 1     11                         5      6       24
..................................................................


WIND (MPH)
  HIGHEST WIND SPEED    15   HIGHEST WIND DIRECTION    NE (40)
  HIGHEST GUST SPEED    20   HIGHEST GUST DIRECTION    NE (40)
  AVERAGE WIND SPEED     7.6


SKY COVER
  AVERAGE SKY COVER 0.2


WEATHER CONDITIONS
 THE FOLLOWING WEATHER WAS RECORDED YESTERDAY.
  HAZE


RELATIVE HUMIDITY (PERCENT)
 HIGHEST    59           500 AM
 LOWEST     20          1200 PM
 AVERAGE    40

..........................................................


THE INDIANAPOLIS IN CLIMATE NORMALS FOR TODAY
                         NORMAL    RECORD    YEAR
 MAXIMUM TEMPERATURE (F)   65        84      1987
                                             1985
                                             1902
 MINIMUM TEMPERATURE (F)   45        28      1907


SUNRISE AND SUNSET
APRIL 21 2018.........SUNRISE   659 AM EDT   SUNSET   829 PM EDT
APRIL 22 2018.........SUNRISE   658 AM EDT   SUNSET   830 PM EDT


-  INDICATES NEGATIVE NUMBERS.
R  INDICATES RECORD WAS SET OR TIED.
MM INDICATES DATA IS MISSING.
T  INDICATES TRACE AMOUNT.




$$
