000
CDUS43 KDVN 280904
CLIIOW


CLIMATE REPORT
NATIONAL WEATHER SERVICE QUAD CITIES IA IL
403 AM CDT MON MAY 28 2018


...................................

...THE IOWA CITY IA CLIMATE SUMMARY FOR MAY 27 2018...

CLIMATE NORMAL PERIOD 1981 TO 2010
CLIMATE RECORD PERIOD 9999 TO 9999


WEATHER ITEM   OBSERVED TIME   RECORD YEAR NORMAL DEPARTURE LAST
                VALUE   (LST)  VALUE       VALUE  FROM      YEAR
                                                  NORMAL
..................................................................
TEMPERATURE (F)
 YESTERDAY
  MAXIMUM         98    242 PM  MM      MM  76     22       75
  MINIMUM         69    520 AM  MM      MM  55     14       52
  AVERAGE         84                        66     18       64

PRECIPITATION (IN)
  YESTERDAY        0.00         MM      MM   0.12  -0.12     0.01
  MONTH TO DATE    3.11                      3.73  -0.62     3.24
  SINCE MAR 1      6.93                      9.45  -2.52    11.06
  SINCE JAN 1      9.77                     11.61  -1.84    13.46

DEGREE DAYS
 HEATING
  YESTERDAY        0                         3     -3        1
  MONTH TO DATE   32                       160   -128      151
  SINCE MAR 1   1551                      1403    148     1214
  SINCE JUL 1   6260                      6353    -93     5109

 COOLING
  YESTERDAY       19                         3     16        0
  MONTH TO DATE  119                        42     77       39
  SINCE MAR 1    119                        46     73       50
  SINCE JAN 1    119                        46     73       50
..................................................................


WIND (MPH)
  HIGHEST WIND SPEED    14   HIGHEST WIND DIRECTION     E (100)
  HIGHEST GUST SPEED    20   HIGHEST GUST DIRECTION     E (90)
  AVERAGE WIND SPEED     2.5


SKY COVER
  POSSIBLE SUNSHINE  MM
  AVERAGE SKY COVER 0.0


WEATHER CONDITIONS
 THE FOLLOWING WEATHER WAS RECORDED YESTERDAY.
  NO SIGNIFICANT WEATHER WAS OBSERVED.


RELATIVE HUMIDITY (PERCENT)
 HIGHEST    90           200 AM
 LOWEST     33           200 PM
 AVERAGE    62

..........................................................


THE IOWA CITY IA CLIMATE NORMALS FOR TODAY
                         NORMAL    RECORD    YEAR
 MAXIMUM TEMPERATURE (F)   76        MM        MM
 MINIMUM TEMPERATURE (F)   56        MM        MM


SUNRISE AND SUNSET
MAY 28 2018...........SUNRISE   536 AM CDT   SUNSET   831 PM CDT
MAY 29 2018...........SUNRISE   536 AM CDT   SUNSET   832 PM CDT


-  INDICATES NEGATIVE NUMBERS.
R  INDICATES RECORD WAS SET OR TIED.
MM INDICATES DATA IS MISSING.
T  INDICATES TRACE AMOUNT.




$$
