000
CDUS43 KEAX 270632
CLIIRK


CLIMATE REPORT
NATIONAL WEATHER SERVICE KANSAS CITY/PLEASANT HILL MO
132 AM CDT FRI APR 27 2018


...................................

...THE KIRKSVILLE MO CLIMATE SUMMARY FOR APRIL 26 2018...

CLIMATE NORMAL PERIOD 1981 TO 2010
CLIMATE RECORD PERIOD 9999 TO 9999


WEATHER ITEM   OBSERVED TIME   NORMAL DEPARTURE LAST
                VALUE   (LST)  VALUE  FROM      YEAR
                                      NORMAL
......................................................
TEMPERATURE (F)
 YESTERDAY
  MAXIMUM         70    441 PM  66      4       62
  MINIMUM         34   1255 AM  44    -10       42
  AVERAGE         52            55     -3       52

PRECIPITATION (IN)
  YESTERDAY        0.00          0.16  -0.16     0.61
  MONTH TO DATE    0.65          3.14  -2.49     3.41
  SINCE MAR 1      3.47          5.69  -2.22     7.05
  SINCE JAN 1      7.58          8.49  -0.91     8.91

DEGREE DAYS
 HEATING
  YESTERDAY       13            10      3       13
  MONTH TO DATE  565           365    200      217
  SINCE MAR 1   1357          1119    238      859
  SINCE JUL 1   5676          5652     24     4388

 COOLING
  YESTERDAY        0             0      0        0
  MONTH TO DATE    8             0      8       24
  SINCE MAR 1      8             0      8       24
  SINCE JAN 1      8             0      8       24
......................................................


WIND (MPH)
  HIGHEST WIND SPEED    17   HIGHEST WIND DIRECTION     N (340)
  HIGHEST GUST SPEED    26   HIGHEST GUST DIRECTION     N (340)
  AVERAGE WIND SPEED     7.1


SKY COVER
  AVERAGE SKY COVER 0.1


WEATHER CONDITIONS
 THE FOLLOWING WEATHER WAS RECORDED YESTERDAY.
  FOG
  FOG W/VISIBILITY <= 1/4 MILE


RELATIVE HUMIDITY (PERCENT)
 HIGHEST   100          1200 AM
 LOWEST     26           400 PM
 AVERAGE    63

..........................................................


THE KIRKSVILLE MO CLIMATE NORMALS FOR TODAY
                         NORMAL
 MAXIMUM TEMPERATURE (F)   66
 MINIMUM TEMPERATURE (F)   45


SUNRISE AND SUNSET
APRIL 27 2018.........SUNRISE   615 AM CDT   SUNSET   801 PM CDT
APRIL 28 2018.........SUNRISE   614 AM CDT   SUNSET   802 PM CDT


-  INDICATES NEGATIVE NUMBERS.
R  INDICATES RECORD WAS SET OR TIED.
MM INDICATES DATA IS MISSING.
T  INDICATES TRACE AMOUNT.




$$
