000
CDUS43 KBIS 260722
CLIISN


CLIMATE REPORT
NATIONAL WEATHER SERVICE BISMARCK ND
222 AM CDT SAT MAY 26 2018


...................................

...THE WILLISTON ND CLIMATE SUMMARY FOR MAY 25 2018...

CLIMATE NORMAL PERIOD 1981 TO 2010
CLIMATE RECORD PERIOD 1894 TO 2018


WEATHER ITEM   OBSERVED TIME   RECORD YEAR NORMAL DEPARTURE LAST
                VALUE   (LST)  VALUE       VALUE  FROM      YEAR
                                                  NORMAL
..................................................................
TEMPERATURE (F)
 YESTERDAY
  MAXIMUM         89    246 PM  93    1931  70     19       65
  MINIMUM         57    442 AM  27    1992  44     13       46
  AVERAGE         73                        57     16       56

PRECIPITATION (IN)
  YESTERDAY        0.00          1.52 1965   0.07  -0.07      T
  MONTH TO DATE    0.51                      1.47  -0.96     0.98
  SINCE MAR 1      2.75                      3.18  -0.43     2.33
  SINCE JAN 1      3.32                      4.16  -0.84     3.47

DEGREE DAYS
 HEATING
  YESTERDAY        0                         9     -9        9
  MONTH TO DATE  174                       303   -129      211
  SINCE MAR 1   2308                      2060    248     1869
  SINCE JUL 1   9162                      8828    334     7891

 COOLING
  YESTERDAY        8                         1      7        0
  MONTH TO DATE   17                         1     16       23
  SINCE MAR 1     17                         2     15       23
  SINCE JAN 1     17                         2     15       23
..................................................................


WIND (MPH)
  HIGHEST WIND SPEED    23   HIGHEST WIND DIRECTION     W (290)
  HIGHEST GUST SPEED    30   HIGHEST GUST DIRECTION     W (270)
  AVERAGE WIND SPEED    11.3


SKY COVER
  POSSIBLE SUNSHINE  MM
  AVERAGE SKY COVER 0.1


WEATHER CONDITIONS
 THE FOLLOWING WEATHER WAS RECORDED YESTERDAY.
  NO SIGNIFICANT WEATHER WAS OBSERVED.


RELATIVE HUMIDITY (PERCENT)
 HIGHEST    93           300 AM
 LOWEST     24           400 PM
 AVERAGE    59

..........................................................


THE WILLISTON ND CLIMATE NORMALS FOR TODAY
                         NORMAL    RECORD    YEAR
 MAXIMUM TEMPERATURE (F)   71        98      1934
 MINIMUM TEMPERATURE (F)   44        26      1907


SUNRISE AND SUNSET
MAY 26 2018...........SUNRISE   603 AM CDT   SUNSET   941 PM CDT
MAY 27 2018...........SUNRISE   602 AM CDT   SUNSET   942 PM CDT


-  INDICATES NEGATIVE NUMBERS.
R  INDICATES RECORD WAS SET OR TIED.
MM INDICATES DATA IS MISSING.
T  INDICATES TRACE AMOUNT.




$$
