000
CDUS43 KGLD 210759 RRA
CLIITR

CLIMATE REPORT
NATIONAL WEATHER SERVICE GOODLAND
157 AM MDT SAT APR 21 2018
...................................

...THE BURLINGTON CO CLIMATE SUMMARY FOR APRIL 20 2018...

CLIMATE NORMAL PERIOD 1981 TO 2010
CLIMATE RECORD PERIOD 1896 TO 2018

WEATHER ITEM   OBSERVED TIME   RECORD YEAR NORMAL DEPARTURE LAST
                VALUE   (LST)  VALUE       VALUE  FROM      YEAR
                                                  NORMAL
..................................................................
TEMPERATURE (F)
 YESTERDAY
  MAXIMUM         44    824 AM  89    1962  63    -19       65
  MINIMUM         37   1041 AM  21    1953  35      2       38
  AVERAGE         41                        49     -8       52

PRECIPITATION (IN)
  YESTERDAY        0.34                      0.06   0.28     0.25
  MONTH TO DATE    1.04                      0.81   0.23     0.73
  SINCE MAR 1      1.35                      1.70  -0.35     3.66
  SINCE JAN 1      2.91                      2.50   0.41     4.22

..................................................................

THE BURLINGTON CO CLIMATE NORMALS FOR TODAY
                         NORMAL    RECORD    YEAR
 MAXIMUM TEMPERATURE (F)   64        92      1989
 MINIMUM TEMPERATURE (F)   35        10      1927

-  INDICATES NEGATIVE NUMBERS.
R  INDICATES RECORD WAS SET OR TIED.
MM INDICATES DATA IS MISSING.
T  INDICATES TRACE AMOUNT.

$$
