000
CDUS44 KJAN 230704
CLIJAN


CLIMATE REPORT
NATIONAL WEATHER SERVICE JACKSON MS
201 AM CDT MON APR 23 2018


...................................

...THE JACKSON CLIMATE SUMMARY FOR APRIL 22 2018...

CLIMATE NORMAL PERIOD 1981 TO 2010
CLIMATE RECORD PERIOD 1896 TO 2018


WEATHER ITEM   OBSERVED TIME   RECORD YEAR NORMAL DEPARTURE LAST
                VALUE   (LST)  VALUE       VALUE  FROM      YEAR
                                                  NORMAL
..................................................................
TEMPERATURE (F)
 YESTERDAY
  MAXIMUM         69    341 PM  92    1925  77     -8       84
  MINIMUM         57   1159 PM  36    1993  54      3       57
  AVERAGE         63                        66     -3       71

PRECIPITATION (IN)
  YESTERDAY        3.60          4.55 1928   0.15   3.45     1.28
  MONTH TO DATE    8.58                      3.83   4.75     8.75
  SINCE MAR 1     17.77                      8.87   8.90    13.27
  SINCE JAN 1     31.38                     18.60  12.78    23.48

SNOWFALL (IN)
  YESTERDAY        0.0           0.0    MM   0.0    0.0      0.0
  MONTH TO DATE    0.0                       0.0    0.0      0.0
  SINCE MAR 1      0.0                       0.1   -0.1      0.0
  SINCE JUL 1      5.9                       0.8    5.1      0.8

DEGREE DAYS
 HEATING
  YESTERDAY        2                         2      0        0
  MONTH TO DATE  132                        94     38       23
  SINCE MAR 1    360                       372    -12      187
  SINCE JUL 1   2030                      2364   -334     1305

 COOLING
  YESTERDAY        0                         3     -3        6
  MONTH TO DATE   22                        51    -29      102
  SINCE MAR 1     62                        78    -16      187
  SINCE JAN 1    127                        88     39      245
..................................................................


WIND (MPH)
  HIGHEST WIND SPEED    17   HIGHEST WIND DIRECTION     W (280)
  HIGHEST GUST SPEED    24   HIGHEST GUST DIRECTION     W (290)
  AVERAGE WIND SPEED     6.9


SKY COVER
  POSSIBLE SUNSHINE  MM
  AVERAGE SKY COVER 0.8


WEATHER CONDITIONS
 THE FOLLOWING WEATHER WAS RECORDED YESTERDAY.
  HEAVY RAIN
  RAIN
  LIGHT RAIN
  FOG


RELATIVE HUMIDITY (PERCENT)
 HIGHEST   100           600 AM
 LOWEST     80          1100 PM
 AVERAGE    90

..........................................................


THE JACKSON CLIMATE NORMALS FOR TODAY
                         NORMAL    RECORD    YEAR
 MAXIMUM TEMPERATURE (F)   78        93      1925
 MINIMUM TEMPERATURE (F)   54        35      1903


SUNRISE AND SUNSET
APRIL 23 2018.........SUNRISE   622 AM CDT   SUNSET   736 PM CDT
APRIL 24 2018.........SUNRISE   621 AM CDT   SUNSET   736 PM CDT


-  INDICATES NEGATIVE NUMBERS.
R  INDICATES RECORD WAS SET OR TIED.
MM INDICATES DATA IS MISSING.
T  INDICATES TRACE AMOUNT.

&&

AT 2 AM:

THE PEARL RIVER STAGE AT JACKSON WAS 22.3 FEET. THE RIVER ROSE 7.1
FEET OVER THE PAST 24 HOURS.

THE MISSISSIPPI RIVER STAGE AT VICKSBURG WAS 43.0 FEET. THE RIVER
ROSE 0.1 FEET OVER THE PAST 24 HOURS.



$$
