000
CDUS44 KMEG 230636
CLIJBR


CLIMATE REPORT
NATIONAL WEATHER SERVICE MEMPHIS TN
134 AM CDT MON APR 23 2018


...................................

...THE JONESBORO CLIMATE SUMMARY FOR APRIL 22 2018...

CLIMATE NORMAL PERIOD 1981 TO 2010
CLIMATE RECORD PERIOD 1897 TO 2018


WEATHER ITEM   OBSERVED TIME   RECORD YEAR NORMAL DEPARTURE LAST
                VALUE   (LST)  VALUE       VALUE  FROM      YEAR
                                                  NORMAL
..................................................................
TEMPERATURE (F)
 YESTERDAY
  MAXIMUM         67    515 PM  89    1965  72     -5       54
                                      1955
  MINIMUM         56    656 AM  32    1927  51      5       48
  AVERAGE         62                        62      0       51

PRECIPITATION (IN)
  YESTERDAY        1.92          3.20 1974   0.17   1.75     0.36
  MONTH TO DATE    4.55                      3.53   1.02     1.70
  SINCE MAR 1      8.42                      8.03   0.39     7.97
  SINCE JAN 1     25.07                     15.18   9.89    13.58

DEGREE DAYS
 HEATING
  YESTERDAY        3                         5     -2       14
  MONTH TO DATE  294                       168    126       78
  SINCE MAR 1    692                       632     60      442
  SINCE JUL 1   3475                      3588   -113     2575

 COOLING
  YESTERDAY        0                         2     -2        0
  MONTH TO DATE    9                        25    -16       49
  SINCE MAR 1     11                        31    -20       55
  SINCE JAN 1     16                        31    -15       59
..................................................................


WIND (MPH)
  HIGHEST WIND SPEED    28   HIGHEST WIND DIRECTION     E (80)
  HIGHEST GUST SPEED    35   HIGHEST GUST DIRECTION     E (70)
  AVERAGE WIND SPEED    10.1


SKY COVER
  POSSIBLE SUNSHINE  MM
  AVERAGE SKY COVER 0.9


WEATHER CONDITIONS
 THE FOLLOWING WEATHER WAS RECORDED YESTERDAY.
  THUNDERSTORM
  HEAVY RAIN
  RAIN
  LIGHT RAIN
  FOG


RELATIVE HUMIDITY (PERCENT)
 HIGHEST   100           300 AM
 LOWEST     81           500 PM
 AVERAGE    91

..........................................................


THE JONESBORO CLIMATE NORMALS FOR TODAY
                         NORMAL    RECORD    YEAR
 MAXIMUM TEMPERATURE (F)   73        91      1965
 MINIMUM TEMPERATURE (F)   52        34      1909


SUNRISE AND SUNSET
APRIL 23 2018.........SUNRISE   620 AM CDT   SUNSET   743 PM CDT
APRIL 24 2018.........SUNRISE   618 AM CDT   SUNSET   744 PM CDT


-  INDICATES NEGATIVE NUMBERS.
R  INDICATES RECORD WAS SET OR TIED.
MM INDICATES DATA IS MISSING.
T  INDICATES TRACE AMOUNT.




$$
