000
CDUS45 KGGW 260026
CLIJDN


CLIMATE REPORT
NATIONAL WEATHER SERVICE GLASGOW MT
625 PM MDT WED APR 25 2018


...................................

...THE JORDAN  ASOS MT CLIMATE SUMMARY FOR APRIL 25 2018...
VALID TODAY AS OF 0500 PM LOCAL TIME.

CLIMATE NORMAL PERIOD 1981 TO 2010
CLIMATE RECORD PERIOD 9999 TO 9999


WEATHER ITEM   OBSERVED TIME   RECORD YEAR NORMAL DEPARTURE LAST
                VALUE   (LST)  VALUE       VALUE  FROM      YEAR
                                                  NORMAL
..................................................................
TEMPERATURE (F)
 TODAY
  MAXIMUM         68        MM  MM      MM  61      7       41
  MINIMUM         39    200 AM  MM      MM  32      7       29
  AVERAGE         54                        47      7       35

PRECIPITATION (IN)
  TODAY            0.00         MM      MM   0.06  -0.06     0.00
  MONTH TO DATE    1.15                      0.81   0.34     0.51
  SINCE OCT 1      5.99                      3.35   2.64     5.43
  SINCE JAN 1      4.05                      1.81   2.24     2.22

SNOWFALL (IN)
  TODAY            0.0          MM      MM  MM     MM        0.0
  MONTH TO DATE    0.0                      MM     MM        0.0
  SINCE MAR 1      0.0                      MM     MM        0.0
  SINCE JUL 1      0.0                      MM     MM        0.0
  SNOW DEPTH       0

DEGREE DAYS
 HEATING
  TODAY           11                        18     -7       30
  MONTH TO DATE  704                       543    161      472
  SINCE MAR 1   1961                      1527    434     1344
  SINCE JUL 1   8541                      7645    896     7090

 COOLING
  TODAY            0                         0      0        0
  MONTH TO DATE    0                         0      0        0
  SINCE MAR 1      0                         0      0        0
  SINCE JAN 1      0                         0      0        0
..................................................................


WIND (MPH)
  HIGHEST WIND SPEED    28   HIGHEST WIND DIRECTION    NW (320)
  HIGHEST GUST SPEED    38   HIGHEST GUST DIRECTION    NW (320)
  AVERAGE WIND SPEED    14.1


SKY COVER
  POSSIBLE SUNSHINE  MM
  AVERAGE SKY COVER 0.0


WEATHER CONDITIONS
 THE FOLLOWING WEATHER WAS RECORDED TODAY.
  NO SIGNIFICANT WEATHER WAS OBSERVED.


RELATIVE HUMIDITY (PERCENT)
 HIGHEST    73          1200 AM
 LOWEST     21          1200 PM
 AVERAGE    47

..........................................................


THE JORDAN  ASOS MT CLIMATE NORMALS FOR TOMORROW
                         NORMAL    RECORD    YEAR
 MAXIMUM TEMPERATURE (F)   62        MM        MM
 MINIMUM TEMPERATURE (F)   32        MM        MM


SUNRISE AND SUNSET
APRIL 25 2018.........SUNRISE   601 AM MDT   SUNSET   811 PM MDT
APRIL 26 2018.........SUNRISE   559 AM MDT   SUNSET   812 PM MDT


-  INDICATES NEGATIVE NUMBERS.
R  INDICATES RECORD WAS SET OR TIED.
MM INDICATES DATA IS MISSING.
T  INDICATES TRACE AMOUNT.




$$
