000
CDUS41 KOKX 202043
CLIJFK


CLIMATE REPORT
NATIONAL WEATHER SERVICE NEW YORK NY
442 PM EDT SUN MAY 20 2018


...................................

...THE KENNEDY NY CLIMATE SUMMARY FOR MAY 20 2018...
VALID TODAY AS OF 0400 PM LOCAL TIME.

CLIMATE NORMAL PERIOD 1981 TO 2010
CLIMATE RECORD PERIOD 1948 TO 2018


WEATHER ITEM   OBSERVED TIME   RECORD YEAR NORMAL DEPARTURE LAST
                VALUE   (LST)  VALUE       VALUE  FROM      YEAR
                                                  NORMAL
..................................................................
TEMPERATURE (F)
 TODAY
  MAXIMUM         83    259 PM  95    1996  70     13       67
  MINIMUM         57    142 AM  42    2002  54      3       53
  AVERAGE         70                        62      8       60

PRECIPITATION (IN)
  TODAY            T             1.46 1972   0.13  -0.13      T
  MONTH TO DATE    2.78                      2.38   0.40     3.51
  SINCE MAR 1     11.16                     10.03   1.13    13.36
  SINCE JAN 1     18.93                     15.78   3.15    19.58

SNOWFALL (IN)
  TODAY            0.0          MM      MM   0.0    0.0      0.0
  MONTH TO DATE    0.0                       0.0    0.0      0.0
  SINCE OCT 1     35.5                      23.8   11.7     30.9
  SINCE JUL 1     35.5                      23.8   11.7     30.9
  SNOW DEPTH       0

DEGREE DAYS
 HEATING
  TODAY            0                         4     -4        5
  MONTH TO DATE   80                       133    -53      134
  SINCE MAR 1   1401                      1273    128     1222
  SINCE JUL 1   4780                      4784     -4     4140

 COOLING
  TODAY            5                         1      4        0
  MONTH TO DATE   21                        11     10       33
  SINCE MAR 1     21                        14      7       45
  SINCE JAN 1     21                        14      7       45
..................................................................


WIND (MPH)
  HIGHEST WIND SPEED    23   HIGHEST WIND DIRECTION     W (270)
  HIGHEST GUST SPEED    30   HIGHEST GUST DIRECTION     W (260)
  AVERAGE WIND SPEED    12.8


SKY COVER
  AVERAGE SKY COVER 0.8


WEATHER CONDITIONS
 THE FOLLOWING WEATHER WAS RECORDED TODAY.
  LIGHT RAIN
  FOG
  FOG W/VISIBILITY <= 1/4 MILE


RELATIVE HUMIDITY (PERCENT)
 HIGHEST   100           200 AM
 LOWEST     55           200 PM
 AVERAGE    78

..........................................................


THE KENNEDY NY CLIMATE NORMALS FOR TOMORROW
                         NORMAL    RECORD    YEAR
 MAXIMUM TEMPERATURE (F)   70        90      1996
                                             1962
 MINIMUM TEMPERATURE (F)   54        43      2002


SUNRISE AND SUNSET
MAY 20 2018...........SUNRISE   534 AM EDT   SUNSET   810 PM EDT
MAY 21 2018...........SUNRISE   533 AM EDT   SUNSET   811 PM EDT


-  INDICATES NEGATIVE NUMBERS.
R  INDICATES RECORD WAS SET OR TIED.
MM INDICATES DATA IS MISSING.
T  INDICATES TRACE AMOUNT.




$$
