620
CDUS43 KBIS 260722
CLIJMS


CLIMATE REPORT
NATIONAL WEATHER SERVICE BISMARCK ND
222 AM CDT SAT MAY 26 2018


...................................

...THE JAMESTOWN ND CLIMATE SUMMARY FOR MAY 25 2018...

CLIMATE NORMAL PERIOD 1981 TO 2010
CLIMATE RECORD PERIOD 1891 TO 2018


WEATHER ITEM   OBSERVED TIME   RECORD YEAR NORMAL DEPARTURE LAST
                VALUE   (LST)  VALUE       VALUE  FROM      YEAR
                                                  NORMAL
..................................................................
TEMPERATURE (F)
 YESTERDAY
  MAXIMUM         90    313 PM  95    1941  71     19       71
  MINIMUM         60    505 AM  28    1910  46     14       50
  AVERAGE         75                        58     17       61

PRECIPITATION (IN)
  YESTERDAY        0.06          1.47 1926   0.09  -0.03      T
  MONTH TO DATE    2.12                      2.09   0.03     0.69
  SINCE MAR 1      3.10                      4.13  -1.03     2.17
  SINCE JAN 1      3.23                      4.98  -1.75     2.59

DEGREE DAYS
 HEATING
  YESTERDAY        0                         7     -7        4
  MONTH TO DATE  186                       283    -97      258
  SINCE MAR 1   2352                      2118    234     2063
  SINCE JUL 1   9063                      8877    186     8072

 COOLING
  YESTERDAY       10                         1      9        0
  MONTH TO DATE   35                        14     21        0
  SINCE MAR 1     35                        16     19        0
  SINCE JAN 1     35                        16     19        0
..................................................................


WIND (MPH)
  HIGHEST WIND SPEED    40   HIGHEST WIND DIRECTION     W (280)
  HIGHEST GUST SPEED    52   HIGHEST GUST DIRECTION     W (290)
  AVERAGE WIND SPEED     9.8


SKY COVER
  POSSIBLE SUNSHINE  MM
  AVERAGE SKY COVER 0.0


WEATHER CONDITIONS
 THE FOLLOWING WEATHER WAS RECORDED YESTERDAY.
  THUNDERSTORM
  LIGHT RAIN


RELATIVE HUMIDITY (PERCENT)
 HIGHEST    84           500 AM
 LOWEST     31           200 PM
 AVERAGE    58

..........................................................


THE JAMESTOWN ND CLIMATE NORMALS FOR TODAY
                         NORMAL    RECORD    YEAR
 MAXIMUM TEMPERATURE (F)   71       101      1934
 MINIMUM TEMPERATURE (F)   46        29      1961


SUNRISE AND SUNSET
MAY 26 2018...........SUNRISE   548 AM CDT   SUNSET   916 PM CDT
MAY 27 2018...........SUNRISE   547 AM CDT   SUNSET   917 PM CDT


-  INDICATES NEGATIVE NUMBERS.
R  INDICATES RECORD WAS SET OR TIED.
MM INDICATES DATA IS MISSING.
T  INDICATES TRACE AMOUNT.




$$
