000
CDAK47 PAJK 231127
CLIJNU
CLIMATE REPORT
NATIONAL WEATHER SERVICE JUNEAU, AK
326 AM AKDT MON APR 23 2018


...................................

...THE JUNEAU CLIMATE SUMMARY FOR APRIL 22 2018...

CLIMATE NORMAL PERIOD 1981 TO 2010
CLIMATE RECORD PERIOD 1936 TO 2018


WEATHER ITEM   OBSERVED RECORD YEAR NORMAL DEPARTURE LAST
                VALUE   VALUE       VALUE  FROM      YEAR
                                           NORMAL
...........................................................
TEMPERATURE (F)
 YESTERDAY
  MAXIMUM         42     64    1979  50     -8       62
  MINIMUM         40     25    1954  35      5       29
                               1950
  AVERAGE         41                 42     -1       46

PRECIPITATION (IN)
  YESTERDAY        0.31   1.11 1999   0.09   0.22     0.00
  MONTH TO DATE    1.44               2.16  -0.72     0.65
  SINCE JAN 1     12.02              15.42  -3.40    15.67

SNOWFALL (IN)
  YESTERDAY        0.0    0.3  1986   0.0    0.0      0.0
  MONTH TO DATE    0.0                1.0   -1.0       T
  SINCE JUL 1     77.3               86.6   -9.3     65.2
  SNOW DEPTH       0

DEGREE DAYS
 HEATING
  YESTERDAY       24                 23      1       19
  MONTH TO DATE  566                556     10      496
...........................................................


WIND (MPH)
  HIGHEST WIND SPEED    23   HIGHEST WIND DIRECTION    SE (120)
  HIGHEST GUST SPEED    29   HIGHEST GUST DIRECTION    SE (120)
  AVERAGE WIND SPEED    16.7


SKY COVER
  AVERAGE SKY COVER 1.0


WEATHER CONDITIONS
 THE FOLLOWING WEATHER WAS RECORDED YESTERDAY.
  LIGHT RAIN
  FOG


..........................................................


THE JUNEAU CLIMATE NORMALS FOR TODAY
                         NORMAL    RECORD    YEAR
 MAXIMUM TEMPERATURE (F)   51        65      2005
                                             1994
 MINIMUM TEMPERATURE (F)   35        25      1954


SUNRISE AND SUNSET
APRIL 23 2018.........SUNRISE   524 AM AKDT  SUNSET   830 PM AKDT
APRIL 24 2018.........SUNRISE   522 AM AKDT  SUNSET   833 PM AKDT


-  INDICATES NEGATIVE NUMBERS.
R  INDICATES RECORD WAS SET OR TIED.
MM INDICATES DATA IS MISSING.
T  INDICATES TRACE AMOUNT.




$$
--------------------------------------------------------------

AMOUNT OF DAYLIGHT TODAY (HOUR:MIN)......... 15 HOURS 06 MINUTES
GAIN/LOSS SINCE YESTERDAY (HOUR:MIN:SEC).... +0:04:56

$$
