008
CDUS43 KIND 220536
CLILAF


CLIMATE REPORT
NATIONAL WEATHER SERVICE INDIANAPOLIS IN
136 AM EDT SUN APR 22 2018


...................................

...THE LAFAYETTE IN CLIMATE SUMMARY FOR APRIL 21 2018...

CLIMATE NORMAL PERIOD 1981 TO 2010
CLIMATE RECORD PERIOD 9999 TO 9999


WEATHER ITEM   OBSERVED TIME   NORMAL DEPARTURE LAST
                VALUE   (LST)  VALUE  FROM      YEAR
                                      NORMAL
......................................................
TEMPERATURE (F)
 YESTERDAY
  MAXIMUM         60    315 PM  65     -5       56
  MINIMUM         37    611 AM  43     -6       42
  AVERAGE         49            54     -5       49

PRECIPITATION (IN)
  YESTERDAY        0.00          0.12  -0.12     0.00
  MONTH TO DATE    2.91          2.39   0.52     2.30
  SINCE MAR 1      5.96          5.06   0.90     5.97
  SINCE JAN 1     12.14          8.68   3.46    10.87

DEGREE DAYS
 HEATING
  YESTERDAY       16            12      4       16
  MONTH TO DATE  498           315    183      202
  SINCE MAR 1   1377          1066    311      926
  SINCE JUL 1   5803          5400    403     4614

 COOLING
  YESTERDAY        0             1     -1        0
  MONTH TO DATE    2             3     -1        7
  SINCE MAR 1      2             4     -2        8
  SINCE JAN 1      2             4     -2        8
......................................................


WIND (MPH)
  HIGHEST WIND SPEED    20   HIGHEST WIND DIRECTION     E (70)
  HIGHEST GUST SPEED    24   HIGHEST GUST DIRECTION    NE (60)
  AVERAGE WIND SPEED     8.8


SKY COVER
  AVERAGE SKY COVER 0.1


WEATHER CONDITIONS
 THE FOLLOWING WEATHER WAS RECORDED YESTERDAY.
  NO SIGNIFICANT WEATHER WAS OBSERVED.


RELATIVE HUMIDITY (PERCENT)
 HIGHEST    70           600 AM
 LOWEST     30           500 PM
 AVERAGE    50

..........................................................


THE LAFAYETTE IN CLIMATE NORMALS FOR TODAY
                         NORMAL
 MAXIMUM TEMPERATURE (F)   65
 MINIMUM TEMPERATURE (F)   43


SUNRISE AND SUNSET
APRIL 22 2018.........SUNRISE   659 AM EDT   SUNSET   834 PM EDT
APRIL 23 2018.........SUNRISE   658 AM EDT   SUNSET   835 PM EDT


-  INDICATES NEGATIVE NUMBERS.
R  INDICATES RECORD WAS SET OR TIED.
MM INDICATES DATA IS MISSING.
T  INDICATES TRACE AMOUNT.




$$
