000
CDUS44 KLUB 230626
CLILBB


CLIMATE REPORT
NATIONAL WEATHER SERVICE LUBBOCK, TX
126 AM CDT MON APR 23 2018


...................................

...THE LUBBOCK CLIMATE SUMMARY FOR APRIL 22 2018...

CLIMATE NORMAL PERIOD 1981 TO 2010
CLIMATE RECORD PERIOD 1911 TO 2018


WEATHER ITEM   OBSERVED TIME   RECORD YEAR NORMAL DEPARTURE LAST
                VALUE   (LST)  VALUE       VALUE  FROM      YEAR
                                                  NORMAL
..................................................................
TEMPERATURE (F)
 YESTERDAY
  MAXIMUM         71    400 PM 100    1989  77     -6       67
  MINIMUM         38    613 AM  29    1927  48    -10       45
  AVERAGE         55                        63     -8       56

PRECIPITATION (IN)
  YESTERDAY        0.00          0.65 1994   0.06  -0.06     0.00
  MONTH TO DATE    T                         0.96  -0.96     0.81
  SINCE MAR 1      0.87                      2.06  -1.19     1.48
  SINCE JAN 1      1.07                      3.46  -2.39     4.40

SNOWFALL (IN)
  YESTERDAY        0.0           0.0  2002   0.0    0.0      0.0
  MONTH TO DATE    0.0                       0.2   -0.2      0.0
  SINCE MAR 1      0.0                       0.8   -0.8      0.0
  SINCE JUL 1      0.3                       8.2   -7.9      0.2
  SNOW DEPTH       0

DEGREE DAYS
 HEATING
  YESTERDAY       10                         4      6        9
  MONTH TO DATE  180                       153     27       90
  SINCE MAR 1    465                       568   -103      310
  SINCE JUL 1   2986                      3307   -321     2394

 COOLING
  YESTERDAY        0                         2     -2        0
  MONTH TO DATE   35                        29      6       59
  SINCE MAR 1     62                        36     26      105
  SINCE JAN 1     65                        36     29      109
..................................................................


WIND (MPH)
  RESULTANT WIND SPEED   5   RESULTANT WIND DIRECTION   N (10)
  HIGHEST WIND SPEED    17   HIGHEST WIND DIRECTION    NE (40)
  HIGHEST GUST SPEED    23   HIGHEST GUST DIRECTION    NE (40)
  AVERAGE WIND SPEED     7.7


SKY COVER
  AVERAGE SKY COVER 0.5


WEATHER CONDITIONS
 THE FOLLOWING WEATHER WAS RECORDED YESTERDAY.
  FOG


RELATIVE HUMIDITY (PERCENT)
 HIGHEST   100           600 AM
 LOWEST     31           400 PM
 AVERAGE    66

..........................................................


THE LUBBOCK CLIMATE NORMALS FOR TODAY
                         NORMAL    RECORD    YEAR
 MAXIMUM TEMPERATURE (F)   78        97      1989
 MINIMUM TEMPERATURE (F)   48        30      1928


SUNRISE AND SUNSET
APRIL 23 2018.........SUNRISE   707 AM CDT   SUNSET   824 PM CDT
APRIL 24 2018.........SUNRISE   706 AM CDT   SUNSET   825 PM CDT


-  INDICATES NEGATIVE NUMBERS.
R  INDICATES RECORD WAS SET OR TIED.
MM INDICATES DATA IS MISSING.
T  INDICATES TRACE AMOUNT.




$$
