000
CDUS42 KILM 232046
CLILBT


CLIMATE REPORT
NATIONAL WEATHER SERVICE WILMINGTON NC
446 PM EDT MON APR 23 2018


...................................

...THE LUMBERTON NORTH CAROLINA CLIMATE SUMMARY FOR APRIL 23 2018...
VALID TODAY AS OF 0400 PM LOCAL TIME.

CLIMATE NORMAL PERIOD 1981 TO 2010
CLIMATE RECORD PERIOD 1903 TO 2018


WEATHER ITEM   OBSERVED TIME   RECORD YEAR NORMAL DEPARTURE LAST
                VALUE   (LST)  VALUE       VALUE  FROM      YEAR
                                                  NORMAL
..................................................................
TEMPERATURE (F)
 TODAY
  MAXIMUM         63    235 PM  93    1917  76    -13       68
  MINIMUM         56    456 AM  30    1986  51      5       57
  AVERAGE         60                        64     -4       63

PRECIPITATION (IN)
  TODAY            0.10          1.45 1907   0.11  -0.01     0.04
  MONTH TO DATE    1.82                      2.26  -0.44     2.92
  SINCE MAR 1      4.14                      5.59  -1.45     6.82
  SINCE JAN 1      7.15                     11.46  -4.31    10.31

SNOWFALL (IN)
  TODAY           MM            MM      MM
  MONTH TO DATE   MM
  SINCE MAR 1     MM
  SINCE JUL 1     MM
  SNOW DEPTH      MM

DEGREE DAYS
 HEATING
  TODAY            5                         4      1        2
  MONTH TO DATE  173                       131     42       46
  SINCE MAR 1    635                       477    158      411
  SINCE JUL 1   2723                      2707     16     2058

 COOLING
  TODAY            0                         2     -2        0
  MONTH TO DATE   25                        38    -13       70
  SINCE MAR 1     30                        48    -18       97
  SINCE JAN 1     75                        51     24      107
..................................................................


WIND (MPH)
  RESULTANT WIND SPEED   9   RESULTANT WIND DIRECTION   E (80)
  HIGHEST WIND SPEED    21   HIGHEST WIND DIRECTION     E (100)
  HIGHEST GUST SPEED    29   HIGHEST GUST DIRECTION     E (110)
  AVERAGE WIND SPEED     9.5


SKY COVER
  POSSIBLE SUNSHINE  MM
  AVERAGE SKY COVER 0.6


WEATHER CONDITIONS
 THE FOLLOWING WEATHER WAS RECORDED TODAY.
  LIGHT RAIN


RELATIVE HUMIDITY (PERCENT)
 HIGHEST    90          1100 AM
 LOWEST     62           100 AM
 AVERAGE    76

..........................................................


THE LUMBERTON NORTH CAROLINA CLIMATE NORMALS FOR TOMORROW
                         NORMAL    RECORD    YEAR
 MAXIMUM TEMPERATURE (F)   77        96      1925
 MINIMUM TEMPERATURE (F)   51        27      1986


SUNRISE AND SUNSET
APRIL 23 2018.........SUNRISE   635 AM EDT   SUNSET   755 PM EDT
APRIL 24 2018.........SUNRISE   634 AM EDT   SUNSET   755 PM EDT


-  INDICATES NEGATIVE NUMBERS.
R  INDICATES RECORD WAS SET OR TIED.
MM INDICATES DATA IS MISSING.
T  INDICATES TRACE AMOUNT.




$$
