000
CDUS44 KLCH 230849
CLILCH


CLIMATE REPORT
NATIONAL WEATHER SERVICE LAKE CHARLES, LA
348 AM CDT WED MAY 23 2018


...................................

...THE LAKE CHARLES CLIMATE SUMMARY FOR MAY 22 2018...

CLIMATE NORMAL PERIOD 1981 TO 2010
CLIMATE RECORD PERIOD 1895 TO 2018


WEATHER ITEM   OBSERVED TIME   RECORD YEAR NORMAL DEPARTURE LAST
                VALUE   (LST)  VALUE       VALUE  FROM      YEAR
                                                  NORMAL
..................................................................
TEMPERATURE (F)
 YESTERDAY
  MAXIMUM         90    346 PM 100    1915  86      4       77
  MINIMUM         71    456 AM  50    1901  68      3       71
  AVERAGE         81                        77      4       74

PRECIPITATION (IN)
  YESTERDAY        0.00          2.39 2017   0.19  -0.19     2.39
  MONTH TO DATE    2.12                      3.50  -1.38     9.43
  SINCE MAR 1      7.91                     10.49  -2.58    16.90
  SINCE JAN 1     20.50                     19.18   1.32    23.85

SNOWFALL (IN)
  YESTERDAY        0.0           0.0    MM   0.0    0.0      0.0
  MONTH TO DATE    0.0                       0.0    0.0      0.0
  SINCE MAR 1      0.0                       0.0    0.0      0.0
  SINCE JUL 1      2.2                       0.1    2.1       T
  SNOW DEPTH       0

DEGREE DAYS
 HEATING
  YESTERDAY        0                         0      0        0
  MONTH TO DATE    0                         0      0        1
  SINCE MAR 1    143                       207    -64       85
  SINCE JUL 1   1299                      1489   -190      743

 COOLING
  YESTERDAY       16                        12      4        9
  MONTH TO DATE  300                       212     88      186
  SINCE MAR 1    487                       397     90      470
  SINCE JAN 1    589                       420    169      601
..................................................................


WIND (MPH)
  HIGHEST WIND SPEED    13   HIGHEST WIND DIRECTION     S (160)
  HIGHEST GUST SPEED    17   HIGHEST GUST DIRECTION     S (160)
  AVERAGE WIND SPEED     2.9


SKY COVER
  POSSIBLE SUNSHINE  MM
  AVERAGE SKY COVER 0.1


WEATHER CONDITIONS
 THE FOLLOWING WEATHER WAS RECORDED YESTERDAY.
  NO SIGNIFICANT WEATHER WAS OBSERVED.


RELATIVE HUMIDITY (PERCENT)
 HIGHEST    93           100 AM
 LOWEST     50           200 PM
 AVERAGE    72

..........................................................


THE LAKE CHARLES CLIMATE NORMALS FOR TODAY
                         NORMAL    RECORD    YEAR
 MAXIMUM TEMPERATURE (F)   86        95      1911
 MINIMUM TEMPERATURE (F)   68        51      2001


SUNRISE AND SUNSET
MAY 23 2018...........SUNRISE   615 AM CDT   SUNSET   805 PM CDT
MAY 24 2018...........SUNRISE   615 AM CDT   SUNSET   805 PM CDT


-  INDICATES NEGATIVE NUMBERS.
R  INDICATES RECORD WAS SET OR TIED.
MM INDICATES DATA IS MISSING.
T  INDICATES TRACE AMOUNT.




$$
