512
CDUS41 KOKX 232037
CLILGA


CLIMATE REPORT
NATIONAL WEATHER SERVICE NEW YORK NY
436 PM EDT MON APR 23 2018


...................................

...THE LAGUARDIA NY CLIMATE SUMMARY FOR APRIL 23 2018...
VALID TODAY AS OF 0400 PM LOCAL TIME.

CLIMATE NORMAL PERIOD 1981 TO 2010
CLIMATE RECORD PERIOD 1939 TO 2018


WEATHER ITEM   OBSERVED TIME   RECORD YEAR NORMAL DEPARTURE LAST
                VALUE   (LST)  VALUE       VALUE  FROM      YEAR
                                                  NORMAL
..................................................................
TEMPERATURE (F)
 TODAY
  MAXIMUM         65    218 PM  85    2007  64      1       65
  MINIMUM         45    458 AM  36    1986  47     -2       48
  AVERAGE         55                        55      0       57

PRECIPITATION (IN)
  TODAY            0.00          2.21 2006   0.12  -0.12     0.00
  MONTH TO DATE    4.04                      3.13   0.91     3.10
  SINCE MAR 1      8.12                      7.10   1.02     7.79
  SINCE JAN 1     16.18                     13.03   3.15    13.79

SNOWFALL (IN)
  TODAY            0.0           T    1986   0.0    0.0      0.0
  MONTH TO DATE    5.5                       0.5    5.0      0.0
  SINCE OCT 1     38.4                      26.9   11.5     33.2
  SINCE JUL 1     38.4                      26.9   11.5     33.2
  SNOW DEPTH       0

DEGREE DAYS
 HEATING
  TODAY           10                        10      0        8
  MONTH TO DATE  399                       316     83      211
  SINCE MAR 1   1143                      1023    120      946
  SINCE JUL 1   4276                      4452   -176     3633

 COOLING
  TODAY            0                         0      0        0
  MONTH TO DATE    6                         0      6       14
  SINCE MAR 1      6                         0      6       14
  SINCE JAN 1      6                         0      6       14
..................................................................


WIND (MPH)
  HIGHEST WIND SPEED    16   HIGHEST WIND DIRECTION     S (160)
  HIGHEST GUST SPEED    21   HIGHEST GUST DIRECTION     S (160)
  AVERAGE WIND SPEED     7.6


SKY COVER
  AVERAGE SKY COVER 0.1


WEATHER CONDITIONS
 THE FOLLOWING WEATHER WAS RECORDED TODAY.
  NO SIGNIFICANT WEATHER WAS OBSERVED.


RELATIVE HUMIDITY (PERCENT)
 HIGHEST    83           500 AM
 LOWEST     27           300 PM
 AVERAGE    55

..........................................................


THE LAGUARDIA NY CLIMATE NORMALS FOR TOMORROW
                         NORMAL    RECORD    YEAR
 MAXIMUM TEMPERATURE (F)   64        87      2001
 MINIMUM TEMPERATURE (F)   47        36      1971
                                             1967


SUNRISE AND SUNSET
APRIL 23 2018.........SUNRISE   605 AM EDT   SUNSET   743 PM EDT
APRIL 24 2018.........SUNRISE   604 AM EDT   SUNSET   745 PM EDT


-  INDICATES NEGATIVE NUMBERS.
R  INDICATES RECORD WAS SET OR TIED.
MM INDICATES DATA IS MISSING.
T  INDICATES TRACE AMOUNT.




$$
