000
CDUS43 KOAX 190634
CLILNK


CLIMATE REPORT
NATIONAL WEATHER SERVICE OMAHA NEBRASKA
131 AM CDT THU APR 19 2018


...................................

...THE LINCOLN, NEBRASKA CLIMATE SUMMARY FOR APRIL 18 2018...

CLIMATE NORMAL PERIOD 1981 TO 2010
CLIMATE RECORD PERIOD 1887 TO 2018


WEATHER ITEM   OBSERVED TIME   RECORD YEAR NORMAL DEPARTURE LAST
                VALUE   (LST)  VALUE       VALUE  FROM      YEAR
                                                  NORMAL
..................................................................
TEMPERATURE (F)
 YESTERDAY
  MAXIMUM         47    234 PM  94    1994  65    -18       74
  MINIMUM         34    858 AM  21    1953  40     -6       58
  AVERAGE         41                        52    -11       66

PRECIPITATION (IN)
  YESTERDAY        T             1.40 1970   0.09  -0.09     0.09
  MONTH TO DATE    0.10                      1.41  -1.31     0.67
  SINCE MAR 1      2.81                      3.34  -0.53     2.29
  SINCE JAN 1      3.96                      4.75  -0.79     3.94

SNOWFALL (IN)
  YESTERDAY        T                         0.0    0.0      0.0
  MONTH TO DATE    3.0                       1.1    1.9      0.0
  SINCE JUL 1     21.4                      25.6   -4.2      7.5
  SNOW DEPTH       0

DEGREE DAYS
 HEATING
  YESTERDAY       24                        13     11        0
  MONTH TO DATE  475                       286    189      174
  SINCE MAR 1   1211                      1059    152      828
  SINCE JUL 1   5810                      5762     48     4711

 COOLING
  YESTERDAY        0                         1     -1        1
  MONTH TO DATE    0                         1     -1       10
  SINCE MAR 1      0                         2     -2       11
  SINCE JAN 1      0                         2     -2       11
..................................................................


WIND (MPH)
  HIGHEST WIND SPEED    31   HIGHEST WIND DIRECTION     N (340)
  HIGHEST GUST SPEED    41   HIGHEST GUST DIRECTION     N (340)
  AVERAGE WIND SPEED    17.8


SKY COVER
  POSSIBLE SUNSHINE  MM
  AVERAGE SKY COVER 1.0


WEATHER CONDITIONS
 THE FOLLOWING WEATHER WAS RECORDED YESTERDAY.
  LIGHT RAIN
  LIGHT SNOW
  FOG


RELATIVE HUMIDITY (PERCENT)
 HIGHEST    89           500 AM
 LOWEST     53           300 PM
 AVERAGE    71

..........................................................


THE LINCOLN, NEBRASKA CLIMATE NORMALS FOR TODAY
                         NORMAL    RECORD    YEAR
 MAXIMUM TEMPERATURE (F)   66        92      1987
 MINIMUM TEMPERATURE (F)   40        25      2013
                                             1989


SUNRISE AND SUNSET
APRIL 19 2018.........SUNRISE   642 AM CDT   SUNSET   811 PM CDT
APRIL 20 2018.........SUNRISE   640 AM CDT   SUNSET   812 PM CDT


-  INDICATES NEGATIVE NUMBERS.
R  INDICATES RECORD WAS SET OR TIED.
MM INDICATES DATA IS MISSING.
T  INDICATES TRACE AMOUNT.


$$

BCM
