000
CDUS44 KCRP 191025
CLILRD

CLIMATE REPORT
NATIONAL WEATHER SERVICE CORPUS CHRISTI TX
518 AM CDT THU APR 19 2018


...................................

...THE LAREDO CLIMATE SUMMARY FOR APRIL 18 2018...

CLIMATE NORMAL PERIOD 1981 TO 2010
CLIMATE RECORD PERIOD 1900 TO 2018


WEATHER ITEM   OBSERVED TIME   RECORD YEAR NORMAL DEPARTURE LAST
                VALUE   (LST)  VALUE       VALUE  FROM      YEAR
                                                  NORMAL
..................................................................
TEMPERATURE (F)
 YESTERDAY
  MAXIMUM         89        MM 108    1975  88      1       88
                                      1975
  MINIMUM         66        MM  41    1921  65      1       68
  AVERAGE         78                        77      1       78

PRECIPITATION (IN)
  YESTERDAY        0.00          0.89 1981   0.05  -0.05     0.00
  MONTH TO DATE    0.16                      0.72  -0.56     1.48
  SINCE MAR 1      1.81                      1.84  -0.03     3.82
  SINCE JAN 1      2.10                      3.68  -1.58     4.79

SNOWFALL (IN)
  YESTERDAY        0.0
  MONTH TO DATE    0.0
  SINCE MAR 1      0.0
  SINCE JUL 1      1.3

DEGREE DAYS
 HEATING
  YESTERDAY        0                         0      0        0
  MONTH TO DATE    2                        12    -10        0
  SINCE MAR 1      9                        81    -72       16
  SINCE JUL 1    845                       925    -80      396

 COOLING
  YESTERDAY       13                        12      1       13
  MONTH TO DATE  184                       185     -1      217
  SINCE MAR 1    461                       358    103      493
  SINCE JAN 1    595                       443    152      799
..................................................................


WIND (MPH)
  HIGHEST WIND SPEED    MM   HIGHEST WIND DIRECTION    MM
  HIGHEST GUST SPEED    MM   HIGHEST GUST DIRECTION    MM
  AVERAGE WIND SPEED    MM


SKY COVER
  POSSIBLE SUNSHINE  MM
  AVERAGE SKY COVER 0.3


WEATHER CONDITIONS
 THE FOLLOWING WEATHER WAS RECORDED YESTERDAY.
  NO SIGNIFICANT WEATHER WAS OBSERVED.


RELATIVE HUMIDITY (PERCENT)
 HIGHEST    87           600 AM
 LOWEST     46           200 PM

..........................................................


THE LAREDO CLIMATE NORMALS FOR TODAY
                         NORMAL    RECORD    YEAR
 MAXIMUM TEMPERATURE (F)   88       106      2011
 MINIMUM TEMPERATURE (F)   65        43      1921


SUNRISE AND SUNSET
APRIL 19 2018.........SUNRISE   709 AM CDT   SUNSET   805 PM CDT
APRIL 20 2018.........SUNRISE   708 AM CDT   SUNSET   805 PM CDT


-  INDICATES NEGATIVE NUMBERS.
R  INDICATES RECORD WAS SET OR TIED.
MM INDICATES DATA IS MISSING.
T  INDICATES TRACE AMOUNT.




$$
