000
CDUS46 KMTR 250025
CLILVK


CLIMATE REPORT
NATIONAL WEATHER SERVICE SAN FRANCISCO BAY AREA
525 PM PDT THU MAY 24 2018


...................................

...THE LIVERMORE AIRPORT CLIMATE SUMMARY FOR MAY 24 2018...
VALID TODAY AS OF 0500 PM LOCAL TIME.

CLIMATE NORMAL PERIOD 1981 TO 2010
CLIMATE RECORD PERIOD 1930 TO 2018


WEATHER ITEM   OBSERVED TIME   RECORD YEAR NORMAL DEPARTURE LAST
                VALUE   (LST)  VALUE       VALUE  FROM      YEAR
                                                  NORMAL
..................................................................
TEMPERATURE (F)
 TODAY
  MAXIMUM         66    201 PM  98    1982  76    -10       78
  MINIMUM         52    545 AM  40    1980  51      1       53
  AVERAGE         59                        64     -5       66

PRECIPITATION (IN)
  TODAY            0.00          0.21 1931   0.01  -0.01     0.00
  MONTH TO DATE    0.00                      0.55  -0.55     0.00
  SINCE OCT 1     11.28                     15.37  -4.09    25.35
  SINCE JAN 1      9.29                      9.79  -0.50    18.89

DEGREE DAYS
 HEATING
  TODAY            6                         3      3        0
  MONTH TO DATE   88                       107    -19       69
  SINCE MAR 1    700                       722    -22      562
  SINCE JUL 1   2426                      2729   -303     2421

 COOLING
  TODAY            0                         2     -2        1
  MONTH TO DATE    1                        34    -33       75
  SINCE MAR 1      5                        43    -38       75
  SINCE JAN 1      5                        43    -38       75
..................................................................


WIND (MPH)
  RESULTANT WIND SPEED  12   RESULTANT WIND DIRECTION   W (270)
  HIGHEST WIND SPEED    22   HIGHEST WIND DIRECTION     W (270)
  HIGHEST GUST SPEED    27   HIGHEST GUST DIRECTION     W (280)
  AVERAGE WIND SPEED    11.8


SKY COVER
  POSSIBLE SUNSHINE  MM
  AVERAGE SKY COVER 0.9


WEATHER CONDITIONS
 THE FOLLOWING WEATHER WAS RECORDED TODAY.
  NO SIGNIFICANT WEATHER WAS OBSERVED.


RELATIVE HUMIDITY (PERCENT)
 HIGHEST   100           500 AM
 LOWEST     63          1200 PM
 AVERAGE    82

..........................................................


THE LIVERMORE AIRPORT CLIMATE NORMALS FOR TOMORROW
                         NORMAL    RECORD    YEAR
 MAXIMUM TEMPERATURE (F)   77        97      1979
 MINIMUM TEMPERATURE (F)   51        39      1980


SUNRISE AND SUNSET
MAY 24 2018...........SUNRISE   551 AM PDT   SUNSET   818 PM PDT
MAY 25 2018...........SUNRISE   550 AM PDT   SUNSET   818 PM PDT


-  INDICATES NEGATIVE NUMBERS.
R  INDICATES RECORD WAS SET OR TIED.
MM INDICATES DATA IS MISSING.
T  INDICATES TRACE AMOUNT.




$$
