000
CDUS45 KBYZ 252221
CLILVM


CLIMATE REPORT
NATIONAL WEATHER SERVICE BILLINGS MT
421 PM MDT WED APR 25 2018


...................................

...THE LIVINGSTON MT CLIMATE SUMMARY FOR APRIL 25 2018...
VALID TODAY AS OF 0400 PM LOCAL TIME.

CLIMATE NORMAL PERIOD 1981 TO 2010
CLIMATE RECORD PERIOD 1948 TO 2018


WEATHER ITEM   OBSERVED TIME   RECORD YEAR NORMAL DEPARTURE LAST
                VALUE   (LST)  VALUE       VALUE  FROM      YEAR
                                                  NORMAL
..................................................................
TEMPERATURE (F)
 TODAY
  MAXIMUM         67    212 PM  80    1952  58      9       51
  MINIMUM         33    126 AM  16    2009  31      2       33
  AVERAGE         50                        44      6       42

PRECIPITATION (IN)
  TODAY            0.00          1.00 1988   0.07  -0.07     0.35
  MONTH TO DATE    2.20                      1.41   0.79     1.86
  SINCE OCT 1      7.48                      5.61   1.87     8.32
  SINCE JAN 1      4.44                      3.24   1.20     4.39

DEGREE DAYS
 HEATING
  TODAY           15                        21     -6       23
  MONTH TO DATE  665                       591     74      514
  SINCE MAR 1   1572                      1502     70     1233
  SINCE JUL 1   6892                      6850     42     6459

 COOLING
  TODAY            0                         0      0        0
  MONTH TO DATE    0                         0      0        0
  SINCE MAR 1      0                         0      0        0
  SINCE JAN 1      0                         0      0        0
..................................................................


WIND (MPH)
  HIGHEST WIND SPEED    31   HIGHEST WIND DIRECTION    NW (300)
  HIGHEST GUST SPEED    42   HIGHEST GUST DIRECTION     W (260)
  AVERAGE WIND SPEED    21.0


SKY COVER
  POSSIBLE SUNSHINE  MM
  AVERAGE SKY COVER 0.0


WEATHER CONDITIONS
 THE FOLLOWING WEATHER WAS RECORDED TODAY.
  NO SIGNIFICANT WEATHER WAS OBSERVED.


RELATIVE HUMIDITY (PERCENT)
 HIGHEST    89          1200 AM
 LOWEST     16           100 PM
 AVERAGE    53

..........................................................


THE LIVINGSTON MT CLIMATE NORMALS FOR TOMORROW
                         NORMAL    RECORD    YEAR
 MAXIMUM TEMPERATURE (F)   58        78      2001
 MINIMUM TEMPERATURE (F)   31        21      2010
                                             1995


SUNRISE AND SUNSET
APRIL 25 2018.........SUNRISE   619 AM MDT   SUNSET   821 PM MDT
APRIL 26 2018.........SUNRISE   617 AM MDT   SUNSET   823 PM MDT


-  INDICATES NEGATIVE NUMBERS.
R  INDICATES RECORD WAS SET OR TIED.
MM INDICATES DATA IS MISSING.
T  INDICATES TRACE AMOUNT.




$$
