000
CDUS43 KTOP 210632
CLILWC


CLIMATE REPORT
NATIONAL WEATHER SERVICE TOPEKA KS
132 AM CDT SAT APR 21 2018


...................................

...THE LAWRENCE KS CLIMATE SUMMARY FOR APRIL 20 2018...

CLIMATE NORMAL PERIOD 1981 TO 2010
CLIMATE RECORD PERIOD 9999 TO 9999


WEATHER ITEM   OBSERVED NORMAL DEPARTURE LAST
                VALUE   VALUE  FROM      YEAR
                               NORMAL
...............................................
TEMPERATURE (F)
 YESTERDAY
  MAXIMUM         65     68     -3       70
  MINIMUM         29     44    -15       52
  AVERAGE         47     56     -9       61

PRECIPITATION (IN)
  YESTERDAY        0.00   0.15  -0.15     0.17
  MONTH TO DATE    0.41   2.26  -1.85     4.29
  SINCE MAR 1      1.95   4.88  -2.93     6.65
  SINCE JAN 1      3.81   7.19  -3.38     7.66

DEGREE DAYS
 HEATING
  YESTERDAY       18      9      9        4
  MONTH TO DATE  442    245    197      137
  SINCE MAR 1   1066    886    180      656
  SINCE JUL 1   5007   4901    106     3937

 COOLING
  YESTERDAY        0      1     -1        0
  MONTH TO DATE    2     13    -11       25
  SINCE MAR 1      2     16    -14       32
  SINCE JAN 1      2     16    -14       32
...............................................


WIND (MPH)
  HIGHEST WIND SPEED    21   HIGHEST WIND DIRECTION     E (110)
  HIGHEST GUST SPEED    29   HIGHEST GUST DIRECTION    SE (130)
  AVERAGE WIND SPEED     9.4


SKY COVER
  AVERAGE SKY COVER 0.0


WEATHER CONDITIONS
 THE FOLLOWING WEATHER WAS RECORDED YESTERDAY.
  NO SIGNIFICANT WEATHER WAS OBSERVED.


RELATIVE HUMIDITY (PERCENT)
 HIGHEST    92
 LOWEST     22
 AVERAGE    57

..........................................................


THE LAWRENCE KS CLIMATE NORMALS FOR TODAY
                         NORMAL
 MAXIMUM TEMPERATURE (F)   69
 MINIMUM TEMPERATURE (F)   45


SUNRISE AND SUNSET
APRIL 21 2018.........SUNRISE   636 AM CDT   SUNSET   804 PM CDT
APRIL 22 2018.........SUNRISE   634 AM CDT   SUNSET   805 PM CDT


-  INDICATES NEGATIVE NUMBERS.
R  INDICATES RECORD WAS SET OR TIED.
MM INDICATES DATA IS MISSING.
T  INDICATES TRACE AMOUNT.




$$
