000
CDUS44 KLZK 230641
CLILZK


CLIMATE REPORT
NATIONAL WEATHER SERVICE LITTLE ROCK AR
140 AM CDT MON APR 23 2018


...................................

...THE NORTH LITTLE ROCK CLIMATE SUMMARY FOR APRIL 22 2018...

CLIMATE NORMAL PERIOD 1981 TO 2010
CLIMATE RECORD PERIOD 1975 TO 2018


WEATHER ITEM   OBSERVED TIME   RECORD YEAR NORMAL DEPARTURE LAST
                VALUE   (LST)  VALUE       VALUE  FROM      YEAR
                                                  NORMAL
..................................................................
TEMPERATURE (F)
 YESTERDAY
  MAXIMUM         63    345 PM  89    1980  75    -12       58
  MINIMUM         52   1155 PM  38    1978  55     -3       49
  AVERAGE         58                        65     -7       54

PRECIPITATION (IN)
  YESTERDAY        0.10          2.06 1985   0.18  -0.08     0.30
  MONTH TO DATE    4.90                      3.44   1.46     3.05
  SINCE MAR 1      8.06                      8.21  -0.15     6.52
  SINCE JAN 1     23.93                     15.29   8.64    11.80

SNOWFALL (IN)
  YESTERDAY        0.0          MM      MM   0.0    0.0      0.0
  MONTH TO DATE    T                         0.0    0.0      0.0
  SINCE MAR 1      T                         0.4   -0.4       T
  SINCE JUL 1      1.5                       4.4   -2.9      0.8
  SNOW DEPTH       0

DEGREE DAYS
 HEATING
  YESTERDAY        7                         3      4       11
  MONTH TO DATE  266                       117    149       48
  SINCE MAR 1    564                       477     87      319
  SINCE JUL 1   3011                      2963     48     2152

 COOLING
  YESTERDAY        0                         3     -3        0
  MONTH TO DATE    6                        42    -36       68
  SINCE MAR 1     18                        59    -41       95
  SINCE JAN 1     21                        61    -40      112
..................................................................


WIND (MPH)
  HIGHEST WIND SPEED    13   HIGHEST WIND DIRECTION     E (90)
  HIGHEST GUST SPEED    21   HIGHEST GUST DIRECTION    NW (320)
  AVERAGE WIND SPEED     6.1


SKY COVER
  POSSIBLE SUNSHINE  MM
  AVERAGE SKY COVER  MM


WEATHER CONDITIONS
 THE FOLLOWING WEATHER WAS RECORDED YESTERDAY.
  LIGHT RAIN


RELATIVE HUMIDITY (PERCENT)
 HIGHEST    MM
 LOWEST     MM
 AVERAGE    MM

..........................................................


THE NORTH LITTLE ROCK CLIMATE NORMALS FOR TODAY
                         NORMAL    RECORD    YEAR
 MAXIMUM TEMPERATURE (F)   75        87      2009
                                             1999
                                             1980
 MINIMUM TEMPERATURE (F)   55        45      2012
                                             1995
                                             1986


SUNRISE AND SUNSET
APRIL 23 2018.........SUNRISE   627 AM CDT   SUNSET   748 PM CDT
APRIL 24 2018.........SUNRISE   626 AM CDT   SUNSET   749 PM CDT


-  INDICATES NEGATIVE NUMBERS.
R  INDICATES RECORD WAS SET OR TIED.
MM INDICATES DATA IS MISSING.
T  INDICATES TRACE AMOUNT.




$$
