463
CDUS46 KHNX 240824
CLIMAE


CLIMATE REPORT
NATIONAL WEATHER SERVICE SAN JOAQUIN VALLEY, CA
124 AM PDT TUE APR 24 2018


...................................

...THE MADERA CA AIRPORT CLIMATE SUMMARY FOR APRIL 23 2018...

CLIMATE NORMAL PERIOD 1981 TO 2010
CLIMATE RECORD PERIOD 1998 TO 2018


WEATHER ITEM   OBSERVED TIME   RECORD YEAR NORMAL DEPARTURE
                VALUE   (LST)  VALUE       VALUE  FROM
                                                  NORMAL
...............................................................
TEMPERATURE (F)
 YESTERDAY
  MAXIMUM         90R   252 PM  88    2002  77     13
  MINIMUM         53    535 AM  39    1999  46      7
  AVERAGE         72                        62     10

PRECIPITATION (IN)
  YESTERDAY        0.00          0.01 2006   0.03  -0.03
  MONTH TO DATE    0.71                      0.75  -0.04
  SINCE OCT 1      7.22                     10.86  -3.64
  SINCE JAN 1      6.81                      7.13  -0.32

SNOWFALL (IN)
  YESTERDAY        0.0
  MONTH TO DATE    0.0
  SINCE MAR 1      0.0
  SINCE JUL 1      0.0
  SNOW DEPTH       0

DEGREE DAYS
 HEATING
  YESTERDAY        0
  MONTH TO DATE  107
  SINCE MAR 1    412
  SINCE JUL 1   2109

 COOLING
  YESTERDAY        7
  MONTH TO DATE   14
  SINCE MAR 1     16
  SINCE JAN 1     16
...............................................................


WIND (MPH)
  HIGHEST WIND SPEED    14   HIGHEST WIND DIRECTION     N (340)
  HIGHEST GUST SPEED    17   HIGHEST GUST DIRECTION     N (340)
  AVERAGE WIND SPEED     4.9




RELATIVE HUMIDITY (PERCENT)
 HIGHEST   100
 LOWEST     26
 AVERAGE    63

..........................................................


THE MADERA CA AIRPORT CLIMATE NORMALS FOR TODAY
                         NORMAL    RECORD    YEAR
 MAXIMUM TEMPERATURE (F)   77        88      2013
 MINIMUM TEMPERATURE (F)   47        38      2008


SUNRISE AND SUNSET
APRIL 24 2018.........SUNRISE   614 AM PDT   SUNSET   743 PM PDT
APRIL 25 2018.........SUNRISE   613 AM PDT   SUNSET   744 PM PDT


-  INDICATES NEGATIVE NUMBERS.
R  INDICATES RECORD WAS SET OR TIED.
MM INDICATES DATA IS MISSING.
T  INDICATES TRACE AMOUNT.




$$
