000
CDUS44 KMAF 240032
CLIMAF


CLIMATE REPORT
NATIONAL WEATHER SERVICE MIDLAND TX
732 PM CDT MON APR 23 2018


...................................

...THE MIDLAND CLIMATE SUMMARY FOR APRIL 23 2018...
VALID TODAY AS OF 0500 PM LOCAL TIME.

CLIMATE NORMAL PERIOD 1981 TO 2010
CLIMATE RECORD PERIOD 1930 TO 2018


WEATHER ITEM   OBSERVED TIME   RECORD YEAR NORMAL DEPARTURE LAST
                VALUE   (LST)  VALUE       VALUE  FROM      YEAR
                                                  NORMAL
..................................................................
TEMPERATURE (F)
 TODAY
  MAXIMUM         85    545 PM  98    1989  81      4       72
  MINIMUM         49    606 AM  33    1995  52     -3       43
  AVERAGE         67                        67      0       58

PRECIPITATION (IN)
  TODAY            0.00          1.11 1966   0.03  -0.03     0.00
  MONTH TO DATE    0.00                      0.49  -0.49     2.48
  SINCE MAR 1      0.11                      1.09  -0.98     2.96
  SINCE JAN 1      0.16                      2.36  -2.20     4.80

SNOWFALL (IN)
  TODAY            0.0
  MONTH TO DATE    0.0
  SINCE MAR 1      0.0
  SINCE JUL 1      T
  SNOW DEPTH       0

DEGREE DAYS
 HEATING
  TODAY            0                         2     -2        7
  MONTH TO DATE   64                        99    -35       46
  SINCE MAR 1    213                       406   -193      162
  SINCE JUL 1   2144                      2643   -499     1662

 COOLING
  TODAY            2                         4     -2        0
  MONTH TO DATE   60                        57      3      105
  SINCE MAR 1    128                        73     55      213
  SINCE JAN 1    135                        75     60      230
..................................................................


WIND (MPH)
  HIGHEST WIND SPEED    13   HIGHEST WIND DIRECTION     E (100)
  HIGHEST GUST SPEED    16   HIGHEST GUST DIRECTION    SE (130)
  AVERAGE WIND SPEED     7.9


SKY COVER
  POSSIBLE SUNSHINE  MM
  AVERAGE SKY COVER 0.0


WEATHER CONDITIONS
 THE FOLLOWING WEATHER WAS RECORDED TODAY.
  NO SIGNIFICANT WEATHER WAS OBSERVED.


RELATIVE HUMIDITY (PERCENT)
 HIGHEST    61           600 AM
 LOWEST     23           300 PM
 AVERAGE    42

..........................................................


THE MIDLAND CLIMATE NORMALS FOR TOMORROW
                         NORMAL    RECORD    YEAR
 MAXIMUM TEMPERATURE (F)   82        95      2017
                                             2012
                                             1943
 MINIMUM TEMPERATURE (F)   52        33      2013


SUNRISE AND SUNSET
APRIL 23 2018.........SUNRISE   711 AM CDT   SUNSET   824 PM CDT
APRIL 24 2018.........SUNRISE   710 AM CDT   SUNSET   824 PM CDT


-  INDICATES NEGATIVE NUMBERS.
R  INDICATES RECORD WAS SET OR TIED.
MM INDICATES DATA IS MISSING.
T  INDICATES TRACE AMOUNT.




$$
