000
CDUS46 KHNX 210832
CLIMCE


CLIMATE REPORT
NATIONAL WEATHER SERVICE SAN JOAQUIN VALLEY, CA
131 AM PDT SAT APR 21 2018


...................................

...THE MERCED  CA CLIMATE SUMMARY FOR APRIL 20 2018...

CLIMATE NORMAL PERIOD 1981 TO 2010
CLIMATE RECORD PERIOD 1998 TO 2018


WEATHER ITEM   OBSERVED TIME   RECORD YEAR NORMAL DEPARTURE
                VALUE   (LST)  VALUE       VALUE  FROM
                                                  NORMAL
...............................................................
TEMPERATURE (F)
 YESTERDAY
  MAXIMUM         77    426 PM  94    2009  75      2
  MINIMUM         39    540 AM  37    2002  46     -7
  AVERAGE         58                        60     -2

PRECIPITATION (IN)
  YESTERDAY        0.00          0.99 2001   0.03  -0.03
  MONTH TO DATE    1.25                      0.66   0.59
  SINCE OCT 1      6.91                     11.19  -4.28
  SINCE JAN 1      5.80                      7.68  -1.88

SNOWFALL (IN)
  YESTERDAY        0.0
  MONTH TO DATE    0.0
  SINCE MAR 1      0.0
  SINCE JUL 1      0.0
  SNOW DEPTH       0

DEGREE DAYS
 HEATING
  YESTERDAY        7
  MONTH TO DATE  129
  SINCE MAR 1    474
  SINCE JUL 1   2264

 COOLING
  YESTERDAY        0
  MONTH TO DATE    2
  SINCE MAR 1      2
  SINCE JAN 1      2
...............................................................


WIND (MPH)
  HIGHEST WIND SPEED    14   HIGHEST WIND DIRECTION     N (10)
  HIGHEST GUST SPEED    17   HIGHEST GUST DIRECTION     N (20)
  AVERAGE WIND SPEED     3.4




RELATIVE HUMIDITY (PERCENT)
 HIGHEST    89
 LOWEST     35
 AVERAGE    62

..........................................................


THE MERCED  CA CLIMATE NORMALS FOR TODAY
                         NORMAL    RECORD    YEAR
 MAXIMUM TEMPERATURE (F)   75        95      2009
 MINIMUM TEMPERATURE (F)   46        35      2008


SUNRISE AND SUNSET
APRIL 21 2018.........SUNRISE   620 AM PDT   SUNSET   743 PM PDT
APRIL 22 2018.........SUNRISE   618 AM PDT   SUNSET   744 PM PDT


-  INDICATES NEGATIVE NUMBERS.
R  INDICATES RECORD WAS SET OR TIED.
MM INDICATES DATA IS MISSING.
T  INDICATES TRACE AMOUNT.




$$
