000
CDUS42 KMLB 222018
CLIMCO


CLIMATE REPORT
NATIONAL WEATHER SERVICE MELBOURNE FL
416 PM EDT TUE MAY 22 2018


...................................

...THE ORLANDO  CLIMATE SUMMARY FOR MAY 22 2018...
VALID TODAY AS OF 0400 PM LOCAL TIME.

CLIMATE NORMAL PERIOD 1981 TO 2010
CLIMATE RECORD PERIOD 1892 TO 2018


WEATHER ITEM   OBSERVED TIME   RECORD YEAR NORMAL DEPARTURE LAST
                VALUE   (LST)  VALUE       VALUE  FROM      YEAR
                                                  NORMAL
..................................................................
TEMPERATURE (F)
 TODAY
  MAXIMUM         82    147 PM  97    1962  89     -7       92
  MINIMUM         71    424 AM  55    1919  68      3       69
  AVERAGE         77                        78     -1       81

PRECIPITATION (IN)
  TODAY            T             3.21 2009   0.13  -0.13     1.26
  MONTH TO DATE    5.49                      1.97   3.52     1.58
  SINCE MAR 1      8.46                      8.42   0.04     1.68
  SINCE JAN 1     10.92                     13.15  -2.23     4.61

SNOWFALL (IN)
  TODAY            0.0
  MONTH TO DATE    0.0
  SINCE MAR 1      0.0
  SINCE JUL 1      0.0

DEGREE DAYS
 HEATING
  TODAY            0                         0      0        0
  MONTH TO DATE    0                         0      0        0
  SINCE MAR 1     83                        71     12       40
  SINCE JUL 1    467                       570   -103      209

 COOLING
  TODAY           12                        14     -2       16
  MONTH TO DATE  252                       251      1      260
  SINCE MAR 1    593                       568     25      713
  SINCE JAN 1    840                       672    168      914
..................................................................


WIND (MPH)
  HIGHEST WIND SPEED    25   HIGHEST WIND DIRECTION    SE (120)
  HIGHEST GUST SPEED    32   HIGHEST GUST DIRECTION    SE (120)
  AVERAGE WIND SPEED     8.8


SKY COVER
  AVERAGE SKY COVER 0.7


WEATHER CONDITIONS
 THE FOLLOWING WEATHER WAS RECORDED TODAY.
  LIGHT RAIN


RELATIVE HUMIDITY (PERCENT)
 HIGHEST   100          1200 AM
 LOWEST     62          1100 AM
 AVERAGE    81

..........................................................


THE ORLANDO  CLIMATE NORMALS FOR TOMORROW
                         NORMAL    RECORD    YEAR
 MAXIMUM TEMPERATURE (F)   89        97      1962
                                             1938
 MINIMUM TEMPERATURE (F)   68        55      1919


SUNRISE AND SUNSET
MAY 22 2018...........SUNRISE   631 AM EDT   SUNSET   813 PM EDT
MAY 23 2018...........SUNRISE   631 AM EDT   SUNSET   813 PM EDT


-  INDICATES NEGATIVE NUMBERS.
R  INDICATES RECORD WAS SET OR TIED.
MM INDICATES DATA IS MISSING.
T  INDICATES TRACE AMOUNT.




$$
