000
CDUS43 KLOT 260633
CLIMDW


CLIMATE REPORT
NATIONAL WEATHER SERVICE CHICAGO IL
132 AM CDT THU APR 26 2018


...................................

...THE CHICAGO-MIDWAY CLIMATE SUMMARY FOR APRIL 25 2018...

CLIMATE NORMAL PERIOD 1981 TO 2010
CLIMATE RECORD PERIOD 1928 TO 2018


WEATHER ITEM   OBSERVED TIME   RECORD YEAR NORMAL DEPARTURE LAST
                VALUE   (LST)  VALUE       VALUE  FROM      YEAR
                                                  NORMAL
..................................................................
TEMPERATURE (F)
 YESTERDAY
  MAXIMUM         53   1259 PM  89    1990  63    -10       80
  MINIMUM         39   1159 PM  27    1934  45     -6       57
  AVERAGE         46                        54     -8       69

PRECIPITATION (IN)
  YESTERDAY        0.00          1.62 1976   0.12  -0.12     0.00
  MONTH TO DATE    1.40                      3.00  -1.60     2.97
  SINCE MAR 1      2.75                      5.72  -2.97     7.14
  SINCE JAN 1      8.04                      9.72  -1.68    12.25

DEGREE DAYS
 HEATING
  YESTERDAY       19                        12      7        0
  MONTH TO DATE  599                       397    202      261
  SINCE MAR 1   1439                      1209    230     1035
  SINCE JUL 1   5730                      5720     10     4681

 COOLING
  YESTERDAY        0                         1     -1        4
  MONTH TO DATE    0                         7     -7       15
  SINCE MAR 1      0                         8     -8       15
  SINCE JAN 1      0                         8     -8       15
..................................................................


WIND (MPH)
  RESULTANT WIND SPEED  13   RESULTANT WIND DIRECTION  NE (30)
  HIGHEST WIND SPEED    24   HIGHEST WIND DIRECTION     N (20)
  HIGHEST GUST SPEED    30   HIGHEST GUST DIRECTION    NE (30)
  AVERAGE WIND SPEED    12.8



WEATHER CONDITIONS
 THE FOLLOWING WEATHER WAS RECORDED YESTERDAY.
  NO SIGNIFICANT WEATHER WAS OBSERVED.


..........................................................


THE CHICAGO-MIDWAY CLIMATE NORMALS FOR TODAY
                         NORMAL    RECORD    YEAR
 MAXIMUM TEMPERATURE (F)   64        91      1986
 MINIMUM TEMPERATURE (F)   45        29      1930
                                             1928


SUNRISE AND SUNSET
APRIL 26 2018.........SUNRISE   554 AM CDT   SUNSET   744 PM CDT
APRIL 27 2018.........SUNRISE   553 AM CDT   SUNSET   745 PM CDT


-  INDICATES NEGATIVE NUMBERS.
R  INDICATES RECORD WAS SET OR TIED.
MM INDICATES DATA IS MISSING.
T  INDICATES TRACE AMOUNT.




$$
