656
CDUS44 KJAN 260703
CLIMEI


CLIMATE REPORT
NATIONAL WEATHER SERVICE JACKSON MS
202 AM CDT THU APR 26 2018


...................................

...THE MERIDIAN CLIMATE SUMMARY FOR APRIL 25 2018...

CLIMATE NORMAL PERIOD 1981 TO 2010
CLIMATE RECORD PERIOD 1889 TO 2018


WEATHER ITEM   OBSERVED TIME   RECORD YEAR NORMAL DEPARTURE LAST
                VALUE   (LST)  VALUE       VALUE  FROM      YEAR
                                                  NORMAL
..................................................................
TEMPERATURE (F)
 YESTERDAY
  MAXIMUM         80    258 PM  87    1957  78      2       82
                                      1954
                                      1945
  MINIMUM         50    540 AM  32    1910  52     -2       49
  AVERAGE         65                        65      0       66

PRECIPITATION (IN)
  YESTERDAY        0.00          3.31 1909   0.15  -0.15     0.00
  MONTH TO DATE    6.04                      4.04   2.00     6.72
  SINCE MAR 1     11.39                      9.46   1.93    12.49
  SINCE JAN 1     23.33                     20.19   3.14    22.06

SNOWFALL (IN)
  YESTERDAY        0.0           0.0    MM   0.0    0.0      0.0
  MONTH TO DATE    0.0                       0.1   -0.1      0.0
  SINCE MAR 1      0.0                       0.3   -0.3      0.0
  SINCE JUL 1      5.3                       0.6    4.7      0.8

DEGREE DAYS
 HEATING
  YESTERDAY        0                         3     -3        0
  MONTH TO DATE  114                       120     -6       31
  SINCE MAR 1    345                       427    -82      221
  SINCE JUL 1   2098                      2524   -426     1349

 COOLING
  YESTERDAY        0                         3     -3        1
  MONTH TO DATE   24                        43    -19      102
  SINCE MAR 1     68                        60      8      176
  SINCE JAN 1    142                        67     75      222
..................................................................


WIND (MPH)
  HIGHEST WIND SPEED    15   HIGHEST WIND DIRECTION     N (340)
  HIGHEST GUST SPEED    18   HIGHEST GUST DIRECTION     N (350)
  AVERAGE WIND SPEED     5.3


SKY COVER
  POSSIBLE SUNSHINE  MM
  AVERAGE SKY COVER 0.0


WEATHER CONDITIONS
 THE FOLLOWING WEATHER WAS RECORDED YESTERDAY.
  FOG


RELATIVE HUMIDITY (PERCENT)
 HIGHEST    93          1200 AM
 LOWEST     35           300 PM
 AVERAGE    64

..........................................................


THE MERIDIAN CLIMATE NORMALS FOR TODAY
                         NORMAL    RECORD    YEAR
 MAXIMUM TEMPERATURE (F)   79        89      1989
 MINIMUM TEMPERATURE (F)   52        34      1910


SUNRISE AND SUNSET
APRIL 26 2018.........SUNRISE   614 AM CDT   SUNSET   732 PM CDT
APRIL 27 2018.........SUNRISE   613 AM CDT   SUNSET   733 PM CDT


-  INDICATES NEGATIVE NUMBERS.
R  INDICATES RECORD WAS SET OR TIED.
MM INDICATES DATA IS MISSING.
T  INDICATES TRACE AMOUNT.




$$
