000
CDUS44 KBRO 230632
CLIMFE


CLIMATE REPORT
NATIONAL WEATHER SERVICE BROWNSVILLE TX
132 AM CDT WED MAY 23 2018


...................................

...THE MCALLEN CLIMATE SUMMARY FOR MAY 22 2018...

CLIMATE NORMAL PERIOD 1981 TO 2010
CLIMATE RECORD PERIOD 1961 TO 2018


WEATHER ITEM   OBSERVED TIME   RECORD YEAR NORMAL DEPARTURE LAST
                VALUE   (LST)  VALUE       VALUE  FROM      YEAR
                                                  NORMAL
..................................................................
TEMPERATURE (F)
 YESTERDAY
  MAXIMUM         97    239 PM 101    2008  93      4       94
                                      1944
  MINIMUM         76    432 AM  61    1967  73      3       80
  AVERAGE         87                        83      4

PRECIPITATION (IN)
  YESTERDAY        0.00          0.55 1982   0.07  -0.07     0.02
  MONTH TO DATE    0.73                      1.58  -0.85     0.08
  SINCE MAR 1      2.62                      3.95  -1.33     3.33
  SINCE JAN 1      3.82                      6.11  -2.29     4.96

SNOWFALL (IN)
  YESTERDAY        0.0
  MONTH TO DATE    0.0
  SINCE MAR 1      0.0
  SINCE JUL 1      0.3
  SNOW DEPTH       0

DEGREE DAYS
 HEATING
  YESTERDAY        0                         0      0        0
  MONTH TO DATE    0                         0      0        0
  SINCE MAR 1      0                        46    -46        1
  SINCE JUL 1    550                       579    -29      189

 COOLING
  YESTERDAY       22                        18      4       22
  MONTH TO DATE  432                       354     78      423
  SINCE MAR 1   1169                       926    243     1271
  SINCE JAN 1   1435                      1085    350     1752
..................................................................


WIND (MPH)
  HIGHEST WIND SPEED    22   HIGHEST WIND DIRECTION    SE (130)
  HIGHEST GUST SPEED    27   HIGHEST GUST DIRECTION    SE (140)
  AVERAGE WIND SPEED    11.6



WEATHER CONDITIONS
 THE FOLLOWING WEATHER WAS RECORDED YESTERDAY.
  NO SIGNIFICANT WEATHER WAS OBSERVED.


RELATIVE HUMIDITY (PERCENT)
 HIGHEST    94
 LOWEST     41
 AVERAGE    68

..........................................................


THE MCALLEN CLIMATE NORMALS FOR TODAY
                         NORMAL    RECORD    YEAR
 MAXIMUM TEMPERATURE (F)   93       102      2008
 MINIMUM TEMPERATURE (F)   73        59      1967


SUNRISE AND SUNSET
MAY 23 2018...........SUNRISE   643 AM CDT   SUNSET   817 PM CDT
MAY 24 2018...........SUNRISE   643 AM CDT   SUNSET   817 PM CDT


-  INDICATES NEGATIVE NUMBERS.
R  INDICATES RECORD WAS SET OR TIED.
MM INDICATES DATA IS MISSING.
T  INDICATES TRACE AMOUNT.




$$
