000
CDUS44 KBMX 260737
CLIMGM


CLIMATE REPORT
NATIONAL WEATHER SERVICE BIRMINGHAM, AL
236 AM CDT SAT MAY 26 2018


...................................

...THE MONTGOMERY CLIMATE SUMMARY FOR MAY 25 2018...

CLIMATE NORMAL PERIOD 1981 TO 2010
CLIMATE RECORD PERIOD 1872 TO 2018


WEATHER ITEM   OBSERVED TIME   RECORD YEAR NORMAL DEPARTURE LAST
                VALUE   (LST)  VALUE       VALUE  FROM      YEAR
                                                  NORMAL
..................................................................
TEMPERATURE (F)
 YESTERDAY
  MAXIMUM         86   1154 AM  96    1915  86      0       78
  MINIMUM         70    431 AM  51    1983  63      7       57
  AVERAGE         78                        75      3       68

PRECIPITATION (IN)
  YESTERDAY        0.01          1.10 1909   0.11  -0.10     0.00
  MONTH TO DATE    1.79                      2.88  -1.09    12.28
  SINCE MAR 1      8.93                     12.85  -3.92    18.76
  SINCE JAN 1     17.92                     22.78  -4.86    33.46

DEGREE DAYS
 COOLING
  YESTERDAY       13                        10      3        3
  MONTH TO DATE  274                       173    101      194
  SINCE MAR 1    339                       268     71      463
  SINCE JAN 1    404                       274    130      509
..................................................................


WIND (MPH)
  HIGHEST WIND SPEED    22   HIGHEST WIND DIRECTION     N (360)
  HIGHEST GUST SPEED    27   HIGHEST GUST DIRECTION     N (10)
  AVERAGE WIND SPEED     3.7


SKY COVER
  AVERAGE SKY COVER 0.3


WEATHER CONDITIONS
 THE FOLLOWING WEATHER WAS RECORDED YESTERDAY.
  THUNDERSTORM
  LIGHT RAIN
  FOG
  FOG W/VISIBILITY <= 1/4 MILE


RELATIVE HUMIDITY (PERCENT)
 HIGHEST   100          1200 AM
 LOWEST     69           400 PM
 AVERAGE    85

..........................................................


THE MONTGOMERY CLIMATE NORMALS FOR TODAY
                         NORMAL    RECORD    YEAR
 MAXIMUM TEMPERATURE (F)   86        97      1916
 MINIMUM TEMPERATURE (F)   64        43      1979


SUNRISE AND SUNSET
MAY 26 2018...........SUNRISE   542 AM CDT   SUNSET   744 PM CDT
MAY 27 2018...........SUNRISE   541 AM CDT   SUNSET   745 PM CDT


-  INDICATES NEGATIVE NUMBERS.
R  INDICATES RECORD WAS SET OR TIED.
MM INDICATES DATA IS MISSING.
T  INDICATES TRACE AMOUNT.




$$
