418
CDUS42 KMLB 230626
CLIMLB


CLIMATE REPORT
NATIONAL WEATHER SERVICE MELBOURNE FL
226 AM EDT MON APR 23 2018


...................................

...THE MELBOURNE CLIMATE SUMMARY FOR APRIL 22 2018...

CLIMATE NORMAL PERIOD 1981 TO 2010
CLIMATE RECORD PERIOD 1939 TO 2018


WEATHER ITEM   OBSERVED TIME   RECORD YEAR NORMAL DEPARTURE LAST
                VALUE   (LST)  VALUE       VALUE  FROM      YEAR
                                                  NORMAL
..................................................................
TEMPERATURE (F)
 YESTERDAY
  MAXIMUM         81   1129 AM  93    1972  82     -1       85
                                      1963
  MINIMUM         71    123 PM  49    1993  61     10       70
                                      1968
  AVERAGE         76                        72      4       78

PRECIPITATION (IN)
  YESTERDAY        0.53          0.81 1982   0.07   0.46     0.03
  MONTH TO DATE    2.11                      1.61   0.50     0.22
  SINCE MAR 1      2.56                      4.89  -2.33     0.63
  SINCE JAN 1      5.73                      9.69  -3.96     5.52

SNOWFALL (IN)
  YESTERDAY        0.0
  MONTH TO DATE    0.0
  SINCE JUL 1      0.0

DEGREE DAYS
 HEATING
  YESTERDAY        0                         0      0        0
  MONTH TO DATE    2                        15    -13        3
  SINCE MAR 1     89                        86      3       42
  SINCE JUL 1    342                       575   -233      220

 COOLING
  YESTERDAY       11                         7      4       13
  MONTH TO DATE  202                       117     85      231
  SINCE MAR 1    330                       216    114      416
  SINCE JAN 1    663                       314    349      594
..................................................................


WIND (MPH)
  HIGHEST WIND SPEED    23   HIGHEST WIND DIRECTION     E (100)
  HIGHEST GUST SPEED    30   HIGHEST GUST DIRECTION     E (90)
  AVERAGE WIND SPEED    15.5


SKY COVER
  AVERAGE SKY COVER 0.8


WEATHER CONDITIONS
 THE FOLLOWING WEATHER WAS RECORDED YESTERDAY.
  HEAVY RAIN
  RAIN
  LIGHT RAIN
  FOG
  HAZE


RELATIVE HUMIDITY (PERCENT)
 HIGHEST    87           700 PM
 LOWEST     67           400 PM
 AVERAGE    77

..........................................................


THE MELBOURNE CLIMATE NORMALS FOR TODAY
                         NORMAL    RECORD    YEAR
 MAXIMUM TEMPERATURE (F)   82        94      1971
 MINIMUM TEMPERATURE (F)   62        43      1993


SUNRISE AND SUNSET
APRIL 23 2018.........SUNRISE   650 AM EDT   SUNSET   753 PM EDT
APRIL 24 2018.........SUNRISE   649 AM EDT   SUNSET   753 PM EDT


-  INDICATES NEGATIVE NUMBERS.
R  INDICATES RECORD WAS SET OR TIED.
MM INDICATES DATA IS MISSING.
T  INDICATES TRACE AMOUNT.




$$
