215
CDUS45 KBYZ 200721
CLIMLS


CLIMATE REPORT
NATIONAL WEATHER SERVICE BILLINGS MT
121 AM MDT SUN MAY 20 2018


...................................

...THE MILES CITY MT CLIMATE SUMMARY FOR MAY 19 2018...

CLIMATE NORMAL PERIOD 1981 TO 2010
CLIMATE RECORD PERIOD 1937 TO 2018


WEATHER ITEM   OBSERVED TIME   RECORD YEAR NORMAL DEPARTURE LAST
                VALUE   (LST)  VALUE       VALUE  FROM      YEAR
                                                  NORMAL
..................................................................
TEMPERATURE (F)
 YESTERDAY
  MAXIMUM         62    423 PM  94    1992  69     -7       61
  MINIMUM         45    417 AM  28    1968  44      1       36
  AVERAGE         54                        57     -3       49

PRECIPITATION (IN)
  YESTERDAY        0.00          0.67 2011   0.07  -0.07     0.00
  MONTH TO DATE    2.75                      1.24   1.51     0.35
  SINCE OCT 1      8.44                      5.36   3.08     3.45
  SINCE JAN 1      7.25                      3.76   3.49     2.36

DEGREE DAYS
 HEATING
  YESTERDAY       11                         9      2       16
  MONTH TO DATE  144                       217    -73      158
  SINCE MAR 1   2040                      1729    311     1457
  SINCE JUL 1   8306                      7463    843     7009

 COOLING
  YESTERDAY        0                         1     -1        0
  MONTH TO DATE    8                         6      2       16
  SINCE MAR 1      8                         7      1       16
  SINCE JAN 1      8                         7      1       16
..................................................................


WIND (MPH)
  HIGHEST WIND SPEED    17   HIGHEST WIND DIRECTION    SE (130)
  HIGHEST GUST SPEED    22   HIGHEST GUST DIRECTION    SE (130)
  AVERAGE WIND SPEED     8.6


SKY COVER
  POSSIBLE SUNSHINE  MM
  AVERAGE SKY COVER 0.5


WEATHER CONDITIONS
 THE FOLLOWING WEATHER WAS RECORDED YESTERDAY.
  NO SIGNIFICANT WEATHER WAS OBSERVED.


RELATIVE HUMIDITY (PERCENT)
 HIGHEST   100           400 AM
 LOWEST     42           300 PM
 AVERAGE    71

..........................................................


THE MILES CITY MT CLIMATE NORMALS FOR TODAY
                         NORMAL    RECORD    YEAR
 MAXIMUM TEMPERATURE (F)   70        99      1964
 MINIMUM TEMPERATURE (F)   45        30      2003


SUNRISE AND SUNSET
MAY 20 2018...........SUNRISE   524 AM MDT   SUNSET   836 PM MDT
MAY 21 2018...........SUNRISE   523 AM MDT   SUNSET   838 PM MDT


-  INDICATES NEGATIVE NUMBERS.
R  INDICATES RECORD WAS SET OR TIED.
MM INDICATES DATA IS MISSING.
T  INDICATES TRACE AMOUNT.




$$
