000
CDUS44 KSHV 260755
CLIMLU


CLIMATE REPORT
NATIONAL WEATHER SERVICE SHREVEPORT, LA
249 AM CDT THU APR 26 2018


...................................

...THE MONROE CLIMATE SUMMARY FOR APRIL 25 2018...

CLIMATE NORMAL PERIOD 1981 TO 2010
CLIMATE RECORD PERIOD 1893 TO 2018


WEATHER ITEM   OBSERVED TIME   RECORD YEAR NORMAL DEPARTURE LAST
                VALUE   (LST)  VALUE       VALUE  FROM      YEAR
                                                  NORMAL
..................................................................
TEMPERATURE (F)
 YESTERDAY
  MAXIMUM         82    207 PM  90    1989  80      2       83
  MINIMUM         52    501 AM  35    1910  56     -4       50
  AVERAGE         67                        68     -1       67

PRECIPITATION (IN)
  YESTERDAY        0.13          1.52 1905   0.16  -0.03     0.00
  MONTH TO DATE    3.96                      3.76   0.20     3.06
  SINCE DEC 1     26.45                     23.41   3.04    21.58
  SINCE JAN 1     22.93                     18.12   4.81    16.75

SNOWFALL (IN)
  YESTERDAY        0.0
  MONTH TO DATE    0.0
  SINCE MAR 1      0.0
  SINCE JUL 1      1.5
  SNOW DEPTH       0

DEGREE DAYS
 HEATING
  YESTERDAY        0                         1     -1        0
  MONTH TO DATE  130                        76     54       24
  SINCE MAR 1    302                       326    -24      189
  SINCE JUL 1   2083                      2220   -137     1385

 COOLING
  YESTERDAY        2                         5     -3        2
  MONTH TO DATE   40                        77    -37      116
  SINCE MAR 1     91                       109    -18      207
  SINCE JAN 1    128                       120      8      266
..................................................................


WIND (MPH)
  HIGHEST WIND SPEED    23   HIGHEST WIND DIRECTION    NW (300)
  HIGHEST GUST SPEED    30   HIGHEST GUST DIRECTION    NW (310)
  AVERAGE WIND SPEED     5.0


SKY COVER
  POSSIBLE SUNSHINE  MM
  AVERAGE SKY COVER 0.5


WEATHER CONDITIONS
 THE FOLLOWING WEATHER WAS RECORDED YESTERDAY.
  RAIN
  LIGHT RAIN
  FOG
  FOG W/VISIBILITY <= 1/4 MILE


RELATIVE HUMIDITY (PERCENT)
 HIGHEST   100          1200 AM
 LOWEST     45           100 PM
 AVERAGE    73

..........................................................


THE MONROE CLIMATE NORMALS FOR TODAY
                         NORMAL    RECORD    YEAR
 MAXIMUM TEMPERATURE (F)   81        91      1989
 MINIMUM TEMPERATURE (F)   57        38      1910


SUNRISE AND SUNSET
APRIL 26 2018.........SUNRISE   626 AM CDT   SUNSET   746 PM CDT
APRIL 27 2018.........SUNRISE   625 AM CDT   SUNSET   747 PM CDT


-  INDICATES NEGATIVE NUMBERS.
R  INDICATES RECORD WAS SET OR TIED.
MM INDICATES DATA IS MISSING.
T  INDICATES TRACE AMOUNT.




$$
