000
CDUS44 KMOB 192242
CLIMOB


CLIMATE REPORT
NATIONAL WEATHER SERVICE MOBILE AL
541 PM CDT THU APR 19 2018


...................................

...THE MOBILE CLIMATE SUMMARY FOR APRIL 19 2018...
VALID TODAY AS OF 0500 PM LOCAL TIME.

CLIMATE NORMAL PERIOD 1981 TO 2010
CLIMATE RECORD PERIOD 1842 TO 2018


WEATHER ITEM   OBSERVED TIME   RECORD YEAR NORMAL DEPARTURE LAST
                VALUE   (LST)  VALUE       VALUE  FROM      YEAR
                                                  NORMAL
..................................................................
TEMPERATURE (F)
 TODAY
  MAXIMUM         79    240 PM  88    1908  78      1       86
  MINIMUM         63    626 AM  37    1983  56      7       58
  AVERAGE         71                        67      4       72

PRECIPITATION (IN)
  TODAY            0.00          7.30 1882   0.15  -0.15     0.00
  MONTH TO DATE    2.60                      3.14  -0.54     2.94
  SINCE MAR 1      6.31                      9.28  -2.97     6.08
  SINCE JAN 1     15.89                     20.05  -4.16    18.29

DEGREE DAYS
 HEATING
  TODAY            0                         1     -1        0
  MONTH TO DATE   65                        51     14       22
  SINCE MAR 1    223                       240    -17      141
  SINCE JUL 1   1480                      1682   -202      912

 COOLING
  TODAY            6                         4      2        7
  MONTH TO DATE   44                        52     -8       87
  SINCE MAR 1     99                        91      8      182
  SINCE JAN 1    206                       107     99      257
..................................................................


WIND (MPH)
  HIGHEST WIND SPEED    17   HIGHEST WIND DIRECTION     N (340)
  HIGHEST GUST SPEED    24   HIGHEST GUST DIRECTION     N (360)
  AVERAGE WIND SPEED     8.1


SKY COVER
  POSSIBLE SUNSHINE  MM
  AVERAGE SKY COVER 0.3


WEATHER CONDITIONS
 THE FOLLOWING WEATHER WAS RECORDED TODAY.
  FOG
  HAZE


RELATIVE HUMIDITY (PERCENT)
 HIGHEST   100           600 AM
 LOWEST     31           400 PM
 AVERAGE    66

..........................................................


THE MOBILE CLIMATE NORMALS FOR TOMORROW
                         NORMAL    RECORD    YEAR
 MAXIMUM TEMPERATURE (F)   78        88      2006
                                             1968
 MINIMUM TEMPERATURE (F)   57        40      1953


SUNRISE AND SUNSET
APRIL 19 2018.........SUNRISE   621 AM CDT   SUNSET   724 PM CDT
APRIL 20 2018.........SUNRISE   620 AM CDT   SUNSET   724 PM CDT


-  INDICATES NEGATIVE NUMBERS.
R  INDICATES RECORD WAS SET OR TIED.
MM INDICATES DATA IS MISSING.
T  INDICATES TRACE AMOUNT.




$$
