000
CDUS41 KLWX 262124
CLIMRB


CLIMATE REPORT
NATIONAL WEATHER SERVICE BALTIMORE MD/WASHINGTON DC
523 PM EDT THU APR 26 2018


...................................

...THE MARTINSBURG WV CLIMATE SUMMARY FOR APRIL 26 2018...
VALID TODAY AS OF 0500 PM LOCAL TIME.

CLIMATE NORMAL PERIOD 1981 TO 2010
CLIMATE RECORD PERIOD 1926 TO 2018


WEATHER ITEM   OBSERVED TIME   NORMAL DEPARTURE LAST
                VALUE   (LST)  VALUE  FROM      YEAR
                                      NORMAL
......................................................
TEMPERATURE (F)
 TODAY
  MAXIMUM         69    355 PM  68      1       73
  MINIMUM         46    451 AM  44      2       55
  AVERAGE         58            56      2       64

PRECIPITATION (IN)
  TODAY            0.00          0.11  -0.11     0.00
  MONTH TO DATE    3.27          2.88   0.39     2.35
  SINCE MAR 1      4.96          6.40  -1.44     5.13
  SINCE JAN 1     11.15         11.18  -0.03     9.51

DEGREE DAYS
 HEATING
  TODAY            7            10     -3        1
  MONTH TO DATE  408           349     59      202
  SINCE MAR 1   1232          1063    169      884
  SINCE JUL 1   4797          5019   -222     3962

 COOLING
  TODAY            0             0      0        0
  MONTH TO DATE   16             0     16       25
  SINCE MAR 1     16             1     15       28
  SINCE JAN 1     21             1     20       28
......................................................


WIND (MPH)
  HIGHEST WIND SPEED    20   HIGHEST WIND DIRECTION    NW (310)
  HIGHEST GUST SPEED    26   HIGHEST GUST DIRECTION    NW (310)
  AVERAGE WIND SPEED     9.3


SKY COVER
  POSSIBLE SUNSHINE  MM
  AVERAGE SKY COVER 0.0


WEATHER CONDITIONS
 THE FOLLOWING WEATHER WAS RECORDED TODAY.
  NO SIGNIFICANT WEATHER WAS OBSERVED.


RELATIVE HUMIDITY (PERCENT)
 HIGHEST    65           500 AM
 LOWEST     25           400 PM
 AVERAGE    45

..........................................................


THE MARTINSBURG WV CLIMATE NORMALS FOR TOMORROW
                         NORMAL
 MAXIMUM TEMPERATURE (F)   68
 MINIMUM TEMPERATURE (F)   44


SUNRISE AND SUNSET
APRIL 26 2018.........SUNRISE   619 AM EDT   SUNSET   801 PM EDT
APRIL 27 2018.........SUNRISE   618 AM EDT   SUNSET   802 PM EDT


-  INDICATES NEGATIVE NUMBERS.
R  INDICATES RECORD WAS SET OR TIED.
MM INDICATES DATA IS MISSING.
T  INDICATES TRACE AMOUNT.




$$
