067
CDUS45 KMSO 202251
CLIMSO


CLIMATE REPORT
NATIONAL WEATHER SERVICE MISSOULA, MT
450 PM MDT FRI APR 20 2018


...................................

...THE MISSOULA MT CLIMATE SUMMARY FOR APRIL 20 2018...
VALID TODAY AS OF 0400 PM LOCAL TIME.

CLIMATE NORMAL PERIOD 1981 TO 2010
CLIMATE RECORD PERIOD 1893 TO 2018


WEATHER ITEM   OBSERVED TIME   RECORD YEAR NORMAL DEPARTURE LAST
                VALUE   (LST)  VALUE       VALUE  FROM      YEAR
                                                  NORMAL
..................................................................
TEMPERATURE (F)
 TODAY
  MAXIMUM         64    259 PM  84    1980  60      4       51
  MINIMUM         29    606 AM  16    1927  33     -4       31
  AVERAGE         47                        46      1       41

PRECIPITATION (IN)
  TODAY            0.00          0.60 1984   0.05  -0.05     0.08
  MONTH TO DATE    1.77                      0.81   0.96     0.89
  SINCE OCT 1      8.67                      6.29   2.38    10.83
  SINCE JAN 1      4.85                      3.36   1.49     6.17

SNOWFALL (IN)
  TODAY            0.0
  MONTH TO DATE    1.6
  SINCE JAN 1     25.9
  SINCE JUL 1     53.2
  SNOW DEPTH       0

DEGREE DAYS
 HEATING
  TODAY           18                        19     -1       24
  MONTH TO DATE  492                       409     83      433
  SINCE MAR 1   1356                      1223    133     1190
  SINCE JUL 1   6753                      6592    161     6966

 COOLING
  TODAY            0                         0      0        0
  MONTH TO DATE    0                         0      0        0
  SINCE MAR 1      0                         0      0        0
  SINCE JAN 1      0                         0      0        0
..................................................................


WIND (MPH)
  HIGHEST WIND SPEED     8   HIGHEST WIND DIRECTION    NW (320)
  HIGHEST GUST SPEED    12   HIGHEST GUST DIRECTION     N (20)
  AVERAGE WIND SPEED     0.5


SKY COVER
  POSSIBLE SUNSHINE  MM
  AVERAGE SKY COVER 0.0


WEATHER CONDITIONS
 THE FOLLOWING WEATHER WAS RECORDED TODAY.
  NO SIGNIFICANT WEATHER WAS OBSERVED.


RELATIVE HUMIDITY (PERCENT)
 HIGHEST    78           500 AM
 LOWEST     22           300 PM
 AVERAGE    50

..........................................................


THE MISSOULA MT CLIMATE NORMALS FOR TOMORROW
                         NORMAL    RECORD    YEAR
 MAXIMUM TEMPERATURE (F)   60        82      2016
                                             1934
 MINIMUM TEMPERATURE (F)   33        15      1951


SUNRISE AND SUNSET
APRIL 20 2018.........SUNRISE   639 AM MDT   SUNSET   832 PM MDT
APRIL 21 2018.........SUNRISE   638 AM MDT   SUNSET   833 PM MDT


-  INDICATES NEGATIVE NUMBERS.
R  INDICATES RECORD WAS SET OR TIED.
MM INDICATES DATA IS MISSING.
T  INDICATES TRACE AMOUNT.




$$
