000
CDUS41 KBTV 240547
CLIMSS


CLIMATE REPORT
NATIONAL WEATHER SERVICE BURLINGTON VT
146 AM EDT TUE APR 24 2018


...................................

...THE MASSENA NY CLIMATE SUMMARY FOR APRIL 23 2018...

CLIMATE NORMAL PERIOD 1981 TO 2010
CLIMATE RECORD PERIOD 1948 TO 2018


WEATHER ITEM   OBSERVED TIME   RECORD YEAR NORMAL DEPARTURE LAST
                VALUE   (LST)  VALUE       VALUE  FROM      YEAR
                                                  NORMAL
..................................................................
TEMPERATURE (F)
 YESTERDAY
  MAXIMUM         68    435 PM  80    2007  58     10       65
  MINIMUM         25R   520 AM  25    1956  36    -11       27
  AVERAGE         47                        47      0       46

PRECIPITATION (IN)
  YESTERDAY        0.00          0.83        0.09  -0.09     0.00
  MONTH TO DATE    2.03                      2.15  -0.12     3.31
  SINCE MAR 1      2.97                      4.24  -1.27     5.43
  SINCE JAN 1      6.20                      8.19  -1.99     8.86

DEGREE DAYS
 HEATING
  YESTERDAY       18                        18      0       19
  MONTH TO DATE  682                       535    147      432
  SINCE MAR 1   1780                      1679    101     1688
  SINCE JUL 1   6978                      7666   -688     6614

 COOLING
  YESTERDAY        0                         0      0        0
  MONTH TO DATE    0                         0      0        0
  SINCE MAR 1      0                         0      0        0
  SINCE JAN 1      0                         0      0        0
..................................................................


WIND (MPH)
  HIGHEST WIND SPEED    12   HIGHEST WIND DIRECTION     N (350)
  HIGHEST GUST SPEED    15   HIGHEST GUST DIRECTION     S (200)
  AVERAGE WIND SPEED     2.4


SKY COVER
  AVERAGE SKY COVER 0.0


WEATHER CONDITIONS
 THE FOLLOWING WEATHER WAS RECORDED YESTERDAY.
  FOG


RELATIVE HUMIDITY (PERCENT)
 HIGHEST    92           600 AM
 LOWEST     15           200 PM
 AVERAGE    54

..........................................................


THE MASSENA NY CLIMATE NORMALS FOR TODAY
                         NORMAL    RECORD    YEAR
 MAXIMUM TEMPERATURE (F)   59        80      1958
 MINIMUM TEMPERATURE (F)   36        25      1986


SUNRISE AND SUNSET
APRIL 24 2018.........SUNRISE   600 AM EDT   SUNSET   756 PM EDT
APRIL 25 2018.........SUNRISE   558 AM EDT   SUNSET   757 PM EDT


-  INDICATES NEGATIVE NUMBERS.
R  INDICATES RECORD WAS SET OR TIED.
MM INDICATES DATA IS MISSING.
T  INDICATES TRACE AMOUNT.




$$
