000
CDUS43 KILX 250632
CLIMTO


CLIMATE REPORT
NATIONAL WEATHER SERVICE LINCOLN IL
130 AM CDT WED APR 25 2018


...................................

...THE MATTOON IL AIRPORT CLIMATE SUMMARY FOR APRIL 24 2018...

CLIMATE NORMAL PERIOD 1981 TO 2010
CLIMATE RECORD PERIOD 9999 TO 9999


WEATHER ITEM   OBSERVED TIME   RECORD YEAR NORMAL DEPARTURE LAST
                VALUE   (LST)  VALUE       VALUE  FROM      YEAR
                                                  NORMAL
..................................................................
TEMPERATURE (F)
 YESTERDAY
  MAXIMUM         61    522 PM  MM      MM  67     -6       76
  MINIMUM         48   1159 PM  MM      MM  47      1       38
  AVERAGE         55                        56     -1       57

PRECIPITATION (IN)
  YESTERDAY        T            MM      MM   0.14  -0.14     0.00
  MONTH TO DATE    5.33                      2.52   2.81     1.50
  SINCE MAR 1      8.53                      5.09   3.44     2.91
  SINCE JAN 1     11.95                      9.07   2.88     4.74

DEGREE DAYS
 HEATING
  YESTERDAY       10                         9      1        8
  MONTH TO DATE  485                       313    172      204
  SINCE MAR 1   1279                      1012    267      852
  SINCE JUL 1   5372                      5216    156     4233

 COOLING
  YESTERDAY        0                         1     -1        0
  MONTH TO DATE    0                         5     -5       17
  SINCE MAR 1      0                         6     -6       17
  SINCE JAN 1      0                         6     -6       17
..................................................................


WIND (MPH)
  HIGHEST WIND SPEED    22   HIGHEST WIND DIRECTION     E (70)
  HIGHEST GUST SPEED    28   HIGHEST GUST DIRECTION     E (90)
  AVERAGE WIND SPEED     8.5


SKY COVER
  POSSIBLE SUNSHINE  MM
  AVERAGE SKY COVER 0.7


WEATHER CONDITIONS
 THE FOLLOWING WEATHER WAS RECORDED YESTERDAY.
  LIGHT RAIN
  FOG


RELATIVE HUMIDITY (PERCENT)
 HIGHEST   100           200 AM
 LOWEST     78           200 PM
 AVERAGE    89

..........................................................


THE MATTOON IL AIRPORT CLIMATE NORMALS FOR TODAY
                         NORMAL    RECORD    YEAR
 MAXIMUM TEMPERATURE (F)   67        MM        MM
 MINIMUM TEMPERATURE (F)   47        MM        MM


SUNRISE AND SUNSET
APRIL 25 2018.........SUNRISE   602 AM CDT   SUNSET   741 PM CDT
APRIL 26 2018.........SUNRISE   601 AM CDT   SUNSET   742 PM CDT


-  INDICATES NEGATIVE NUMBERS.
R  INDICATES RECORD WAS SET OR TIED.
MM INDICATES DATA IS MISSING.
T  INDICATES TRACE AMOUNT.




$$
