000
CDUS41 KBTV 210529
CLIMVL


CLIMATE REPORT
NATIONAL WEATHER SERVICE BURLINGTON VT
129 AM EDT MON MAY 21 2018


...................................

...THE MORRISVILLE VT CLIMATE SUMMARY FOR MAY 20 2018...

CLIMATE NORMAL PERIOD 1981 TO 2010
CLIMATE RECORD PERIOD 9999 TO 9999


WEATHER ITEM   OBSERVED TIME   NORMAL DEPARTURE LAST
                VALUE   (LST)  VALUE  FROM      YEAR
                                      NORMAL
......................................................
TEMPERATURE (F)
 YESTERDAY
  MAXIMUM         64    355 PM  68     -4       62
  MINIMUM         42   1159 PM  42      0       32
  AVERAGE         53            55     -2       47

PRECIPITATION (IN)
  YESTERDAY        0.15          0.10   0.05     0.00
  MONTH TO DATE    2.01          1.91   0.10     2.99
  SINCE MAR 1      8.55          5.98   2.57     7.73
  SINCE JAN 1     13.64         10.26   3.38    10.80

DEGREE DAYS
 HEATING
  YESTERDAY       12            10      2       18
  MONTH TO DATE  219           258    -39      312
  SINCE MAR 1   2209          2078    131     2202
  SINCE JUL 1   7814          8038   -224     7425

 COOLING
  YESTERDAY        0             0      0        0
  MONTH TO DATE    0             0      0        9
  SINCE MAR 1      0             1     -1        9
  SINCE JAN 1      0             1     -1        9
......................................................


WIND (MPH)
  HIGHEST WIND SPEED    14   HIGHEST WIND DIRECTION     N (350)
  HIGHEST GUST SPEED    22   HIGHEST GUST DIRECTION     N (340)
  AVERAGE WIND SPEED     5.7


SKY COVER
  AVERAGE SKY COVER 0.7


WEATHER CONDITIONS
 THE FOLLOWING WEATHER WAS RECORDED YESTERDAY.
  RAIN
  LIGHT RAIN
  FOG


RELATIVE HUMIDITY (PERCENT)
 HIGHEST   100           100 AM
 LOWEST     67           400 PM
 AVERAGE    84

..........................................................


THE MORRISVILLE VT CLIMATE NORMALS FOR TODAY
                         NORMAL    RECORD    YEAR
 MAXIMUM TEMPERATURE (F)   68        88      2009
 MINIMUM TEMPERATURE (F)   43        29      2017


SUNRISE AND SUNSET
MAY 21 2018...........SUNRISE   517 AM EDT   SUNSET   818 PM EDT
MAY 22 2018...........SUNRISE   516 AM EDT   SUNSET   819 PM EDT


-  INDICATES NEGATIVE NUMBERS.
R  INDICATES RECORD WAS SET OR TIED.
MM INDICATES DATA IS MISSING.
T  INDICATES TRACE AMOUNT.




$$
