000
CDUS44 KLIX 200701
CLINEW


CLIMATE REPORT
NATIONAL WEATHER SERVICE NEW ORLEANS
NATIONAL WEATHER SERVICE NEW ORL
201 AM CDT FRI APR 20 2018


...................................

...THE NEW ORLEANS CLIMATE SUMMARY FOR APRIL 19 2018...

CLIMATE NORMAL PERIOD 1981 TO 2010
CLIMATE RECORD PERIOD 1946 TO 2018


WEATHER ITEM   OBSERVED TIME   RECORD YEAR NORMAL DEPARTURE LAST
                VALUE   (LST)  VALUE       VALUE  FROM      YEAR
                                                  NORMAL
..................................................................
TEMPERATURE (F)
 YESTERDAY
  MAXIMUM         77    414 PM  90    1987  79     -2       84
  MINIMUM         60   1159 PM  45    1983  61     -1       65
  AVERAGE         69                        70     -1       75

PRECIPITATION (IN)
  YESTERDAY        0.00          1.68 1966   0.15  -0.15     0.20
  MONTH TO DATE    5.45                      2.88   2.57     2.50
  SINCE MAR 1      8.45                      7.43   1.02     5.38
  SINCE JAN 1     16.09                     17.88  -1.79    13.02

SNOWFALL (IN)
  YESTERDAY        0.0
  MONTH TO DATE    0.0
  SINCE MAR 1      0.0
  SINCE JUL 1      T
  SNOW DEPTH       0

DEGREE DAYS
 HEATING
  YESTERDAY        0                         1     -1        0
  MONTH TO DATE   29                        29      0        7
  SINCE MAR 1    117                       165    -48       66
  SINCE JUL 1   1116                      1274   -158      627

 COOLING
  YESTERDAY        4                         6     -2       10
  MONTH TO DATE   53                        82    -29      118
  SINCE MAR 1    161                       145     16      257
  SINCE JAN 1    310                       182    128      377
..................................................................


WIND (MPH)
  HIGHEST WIND SPEED    17   HIGHEST WIND DIRECTION     N (20)
  HIGHEST GUST SPEED    24   HIGHEST GUST DIRECTION     N (360)
  AVERAGE WIND SPEED     9.6


SKY COVER
  POSSIBLE SUNSHINE  MM
  AVERAGE SKY COVER 0.5


WEATHER CONDITIONS
 THE FOLLOWING WEATHER WAS RECORDED YESTERDAY.
  FOG


RELATIVE HUMIDITY (PERCENT)
 HIGHEST   100           300 AM
 LOWEST     38           500 PM
 AVERAGE    69

..........................................................


THE NEW ORLEANS CLIMATE NORMALS FOR TODAY
                         NORMAL    RECORD    YEAR
 MAXIMUM TEMPERATURE (F)   79        90      1987
 MINIMUM TEMPERATURE (F)   61        46      1953


SUNRISE AND SUNSET
APRIL 20 2018.........SUNRISE   629 AM CDT   SUNSET   731 PM CDT
APRIL 21 2018.........SUNRISE   628 AM CDT   SUNSET   732 PM CDT


-  INDICATES NEGATIVE NUMBERS.
R  INDICATES RECORD WAS SET OR TIED.
MM INDICATES DATA IS MISSING.
T  INDICATES TRACE AMOUNT.




$$
