000
CDUS46 KMTR 210830
CLINUQ


CLIMATE REPORT
NATIONAL WEATHER SERVICE SAN FRANCISCO BAY AREA
130 AM PDT MON MAY 21 2018


...................................

...THE MOFFETT FIELD CLIMATE SUMMARY FOR MAY 20 2018...

CLIMATE NORMAL PERIOD 1981 TO 2010
CLIMATE RECORD PERIOD 1945 TO 2018


WEATHER ITEM   OBSERVED TIME   RECORD YEAR NORMAL DEPARTURE LAST
                VALUE   (LST)  VALUE       VALUE  FROM      YEAR
                                                  NORMAL
..................................................................
TEMPERATURE (F)
 YESTERDAY
  MAXIMUM         65    126 PM  91    1988  73     -8       85
  MINIMUM         54    608 AM  44    1945  54      0       57
  AVERAGE         60                        63     -3       71

PRECIPITATION (IN)
  YESTERDAY        0.00          0.32 1957   0.01  -0.01     0.00
  MONTH TO DATE    0.00                      0.37  -0.37     0.00
  SINCE OCT 1      8.20                     14.27  -6.07    18.13
  SINCE JAN 1      6.25                      9.43  -3.18    13.56

DEGREE DAYS
 HEATING
  YESTERDAY        5                                         0
  MONTH TO DATE   77                                        57
  SINCE MAR 1    565                                       454
  SINCE JUL 1   1976                                      1982

 COOLING
  YESTERDAY        0                                         6
  MONTH TO DATE    3                                        42
  SINCE MAR 1      8                                        44
  SINCE JAN 1      8                                        44
..................................................................


WIND (MPH)
  RESULTANT WIND SPEED   6   RESULTANT WIND DIRECTION   W (270)
  HIGHEST WIND SPEED    17   HIGHEST WIND DIRECTION     W (260)
  HIGHEST GUST SPEED    23   HIGHEST GUST DIRECTION     W (270)
  AVERAGE WIND SPEED     7.9


SKY COVER
  POSSIBLE SUNSHINE  MM
  AVERAGE SKY COVER 0.8


WEATHER CONDITIONS
 THE FOLLOWING WEATHER WAS RECORDED YESTERDAY.
  NO SIGNIFICANT WEATHER WAS OBSERVED.


RELATIVE HUMIDITY (PERCENT)
 HIGHEST    77           500 AM
 LOWEST     52           200 PM
 AVERAGE    65

..........................................................


THE MOFFETT FIELD CLIMATE NORMALS FOR TODAY
                         NORMAL    RECORD    YEAR
 MAXIMUM TEMPERATURE (F)   73        96      2000
 MINIMUM TEMPERATURE (F)   54        44      1974


SUNRISE AND SUNSET
MAY 21 2018...........SUNRISE   555 AM PDT   SUNSET   815 PM PDT
MAY 22 2018...........SUNRISE   554 AM PDT   SUNSET   816 PM PDT


-  INDICATES NEGATIVE NUMBERS.
R  INDICATES RECORD WAS SET OR TIED.
MM INDICATES DATA IS MISSING.
T  INDICATES TRACE AMOUNT.




$$
