000
CDUS46 KMTR 210026
CLIOAK


CLIMATE REPORT
NATIONAL WEATHER SERVICE SAN FRANCISCO BAY AREA
525 PM PDT SUN MAY 20 2018


...................................

...THE OAKLAND AIRPORT CLIMATE SUMMARY FOR MAY 20 2018...
VALID TODAY AS OF 0500 PM LOCAL TIME.

CLIMATE NORMAL PERIOD 1981 TO 2010
CLIMATE RECORD PERIOD 1948 TO 2018


WEATHER ITEM   OBSERVED TIME   RECORD YEAR NORMAL DEPARTURE LAST
                VALUE   (LST)  VALUE       VALUE  FROM      YEAR
                                                  NORMAL
..................................................................
TEMPERATURE (F)
 TODAY
  MAXIMUM         62    151 PM  85    2017  68     -6       85
  MINIMUM         53    535 AM  46    1953  51      2       56
  AVERAGE         58                        60     -2       71

PRECIPITATION (IN)
  TODAY            0.00          1.11 1957   0.01  -0.01     0.00
  MONTH TO DATE    T                         0.53  -0.53      T
  SINCE OCT 1     14.98                     20.20  -5.22    28.45
  SINCE JAN 1     11.76                     12.89  -1.13    20.02

SNOWFALL (IN)
  TODAY            0.0           0.0  1985
  MONTH TO DATE    0.0
  SINCE MAR 1      0.0
  SINCE JUL 1      0.0

DEGREE DAYS
 HEATING
  TODAY            7                         6      1        0
  MONTH TO DATE  119                       123     -4       61
  SINCE MAR 1    724                       687     37      426
  SINCE JUL 1   2469                      2709   -240     1955

 COOLING
  TODAY            0                         0      0        6
  MONTH TO DATE    0                         0      0       30
  SINCE MAR 1      0                         6     -6       32
  SINCE JAN 1      0                         6     -6       32
..................................................................


WIND (MPH)
  RESULTANT WIND SPEED  19   RESULTANT WIND DIRECTION   W (260)
  HIGHEST WIND SPEED    26   HIGHEST WIND DIRECTION     W (270)
  HIGHEST GUST SPEED    31   HIGHEST GUST DIRECTION     W (250)
  AVERAGE WIND SPEED    19.4


SKY COVER
  POSSIBLE SUNSHINE  MM
  AVERAGE SKY COVER 0.8


WEATHER CONDITIONS
 THE FOLLOWING WEATHER WAS RECORDED TODAY.
  NO SIGNIFICANT WEATHER WAS OBSERVED.


RELATIVE HUMIDITY (PERCENT)
 HIGHEST    83          1200 AM
 LOWEST     64          1200 PM
 AVERAGE    74

..........................................................


THE OAKLAND AIRPORT CLIMATE NORMALS FOR TOMORROW
                         NORMAL    RECORD    YEAR
 MAXIMUM TEMPERATURE (F)   68        93      2000
 MINIMUM TEMPERATURE (F)   52        46      1962


SUNRISE AND SUNSET
MAY 20 2018...........SUNRISE   555 AM PDT   SUNSET   816 PM PDT
MAY 21 2018...........SUNRISE   555 AM PDT   SUNSET   817 PM PDT


-  INDICATES NEGATIVE NUMBERS.
R  INDICATES RECORD WAS SET OR TIED.
MM INDICATES DATA IS MISSING.
T  INDICATES TRACE AMOUNT.




$$
